CRAN Package Check Results for Package iconr

Last updated on 2023-02-05 07:57:25 CET.

Flavor Version Tinstall Tcheck Ttotal Status Flags
r-devel-linux-x86_64-debian-clang 0.1.0 2.19 60.55 62.74 NOTE
r-devel-linux-x86_64-debian-gcc 0.1.0 2.56 38.34 40.90 NOTE
r-devel-linux-x86_64-fedora-clang 0.1.0 73.62 NOTE
r-devel-linux-x86_64-fedora-gcc 0.1.0 73.00 NOTE
r-devel-windows-x86_64 0.1.0 20.00 84.00 104.00 NOTE
r-patched-linux-x86_64 0.1.0 3.53 47.77 51.30 NOTE
r-release-linux-x86_64 0.1.0 2.32 49.82 52.14 NOTE
r-release-macos-arm64 0.1.0 37.00 NOTE
r-release-macos-x86_64 0.1.0 47.00 NOTE
r-release-windows-x86_64 0.1.0 21.00 86.00 107.00 NOTE
r-oldrel-macos-arm64 0.1.0 31.00 NOTE
r-oldrel-macos-x86_64 0.1.0 70.00 NOTE
r-oldrel-windows-ix86+x86_64 0.1.0 8.00 77.00 85.00 NOTE

Check Details

Version: 0.1.0
Check: LazyData
Result: NOTE
     'LazyData' is specified without a 'data' directory
Flavors: r-devel-linux-x86_64-debian-clang, r-devel-linux-x86_64-debian-gcc, r-devel-linux-x86_64-fedora-clang, r-devel-linux-x86_64-fedora-gcc, r-devel-windows-x86_64, r-patched-linux-x86_64, r-release-linux-x86_64, r-release-macos-arm64, r-release-macos-x86_64, r-release-windows-x86_64, r-oldrel-macos-arm64, r-oldrel-macos-x86_64, r-oldrel-windows-ix86+x86_64