CRAN Package Check Results for Package icensBKL

Last updated on 2023-01-30 09:54:14 CET.

Flavor Version Tinstall Tcheck Ttotal Status Flags
r-devel-linux-x86_64-debian-clang 1.4 10.47 87.03 97.50 NOTE
r-devel-linux-x86_64-debian-gcc 1.4 7.21 66.12 73.33 NOTE
r-devel-linux-x86_64-fedora-clang 1.4 121.73 NOTE
r-devel-linux-x86_64-fedora-gcc 1.4 121.59 NOTE
r-devel-windows-x86_64 1.4 31.00 127.00 158.00 OK
r-patched-linux-x86_64 1.4 11.34 83.33 94.67 NOTE
r-release-linux-x86_64 1.4 10.29 83.79 94.08 NOTE
r-release-macos-arm64 1.4 35.00 NOTE
r-release-macos-x86_64 1.4 51.00 NOTE
r-release-windows-x86_64 1.4 24.00 128.00 152.00 OK
r-oldrel-macos-arm64 1.4 35.00 NOTE
r-oldrel-macos-x86_64 1.4 55.00 NOTE
r-oldrel-windows-ix86+x86_64 1.4 20.00 115.00 135.00 OK

Check Details

Version: 1.4
Check: package dependencies
Result: NOTE
    Package suggested but not available for checking: ‘ICBayes’
Flavors: r-devel-linux-x86_64-debian-clang, r-devel-linux-x86_64-debian-gcc, r-devel-linux-x86_64-fedora-clang, r-devel-linux-x86_64-fedora-gcc, r-patched-linux-x86_64, r-release-linux-x86_64

Version: 1.4
Check: package dependencies
Result: NOTE
    Package suggested but not available for checking: ‘mixAK’
Flavors: r-release-macos-arm64, r-release-macos-x86_64, r-oldrel-macos-arm64, r-oldrel-macos-x86_64