Last updated on 2023-05-31 07:57:33 CEST.
Flavor | Version | Tinstall | Tcheck | Ttotal | Status | Flags |
---|---|---|---|---|---|---|
r-devel-linux-x86_64-debian-clang | 2.0.15 | 74.83 | 173.82 | 248.65 | OK | |
r-devel-linux-x86_64-debian-gcc | 2.0.15 | 61.97 | 129.51 | 191.48 | OK | |
r-devel-linux-x86_64-fedora-clang | 2.0.15 | 315.54 | OK | |||
r-devel-linux-x86_64-fedora-gcc | 2.0.15 | 340.36 | OK | |||
r-devel-windows-x86_64 | 2.0.15 | 55.00 | 275.00 | 330.00 | OK | |
r-patched-linux-x86_64 | 2.0.15 | 65.07 | 170.45 | 235.52 | OK | |
r-release-linux-x86_64 | 2.0.15 | 63.29 | 173.67 | 236.96 | OK | |
r-release-macos-arm64 | 2.0.15 | 134.00 | NOTE | |||
r-release-macos-x86_64 | 2.0.15 | 214.00 | NOTE | |||
r-release-windows-x86_64 | 2.0.15 | 76.00 | 292.00 | 368.00 | OK | |
r-oldrel-macos-arm64 | 2.0.15 | 120.00 | NOTE | |||
r-oldrel-macos-x86_64 | 2.0.15 | 146.00 | NOTE | |||
r-oldrel-windows-x86_64 | 2.0.15 | 73.00 | 293.00 | 366.00 | OK |
Version: 2.0.15
Check: installed package size
Result: NOTE
installed size is 16.4Mb
sub-directories of 1Mb or more:
libs 15.0Mb
Flavors: r-release-macos-arm64, r-release-macos-x86_64, r-oldrel-macos-arm64, r-oldrel-macos-x86_64