Last updated on 2023-01-27 07:50:34 CET.
Flavor | Version | Tinstall | Tcheck | Ttotal | Status | Flags |
---|---|---|---|---|---|---|
r-devel-linux-x86_64-debian-clang | 1.0.2 | 43.49 | 343.56 | 387.05 | OK | |
r-devel-linux-x86_64-debian-gcc | 1.0.2 | 35.52 | 276.03 | 311.55 | OK | |
r-devel-linux-x86_64-fedora-clang | 1.0.2 | 522.90 | NOTE | |||
r-devel-linux-x86_64-fedora-gcc | 1.0.2 | 509.28 | NOTE | |||
r-devel-windows-x86_64 | 1.0.2 | 54.00 | 372.00 | 426.00 | OK | |
r-patched-linux-x86_64 | 1.0.2 | 42.85 | 367.72 | 410.57 | OK | |
r-release-linux-x86_64 | 1.0.2 | 31.77 | 317.36 | 349.13 | OK | |
r-release-macos-arm64 | 1.0.2 | 99.00 | NOTE | |||
r-release-macos-x86_64 | 1.0.2 | 183.00 | NOTE | |||
r-release-windows-x86_64 | 1.0.2 | 54.00 | 365.00 | 419.00 | OK | |
r-oldrel-macos-arm64 | 1.0.2 | 94.00 | NOTE | |||
r-oldrel-macos-x86_64 | 1.0.2 | 139.00 | NOTE | |||
r-oldrel-windows-ix86+x86_64 | 1.0.2 | 96.00 | 366.00 | 462.00 | OK |
Version: 1.0.2
Check: dependencies in R code
Result: NOTE
Namespace in Imports field not imported from: ‘methods’
All declared Imports should be used.
Flavors: r-devel-linux-x86_64-fedora-clang, r-devel-linux-x86_64-fedora-gcc, r-release-macos-arm64, r-release-macos-x86_64, r-oldrel-macos-arm64, r-oldrel-macos-x86_64