Last updated on 2023-12-03 08:50:10 CET.
Flavor | Version | Tinstall | Tcheck | Ttotal | Status | Flags |
---|---|---|---|---|---|---|
r-devel-linux-x86_64-debian-clang | 1.0.2 | 42.98 | 390.29 | 433.27 | OK | |
r-devel-linux-x86_64-debian-gcc | 1.0.2 | 34.55 | 286.78 | 321.33 | OK | |
r-devel-linux-x86_64-fedora-clang | 1.0.2 | 534.53 | NOTE | |||
r-devel-linux-x86_64-fedora-gcc | 1.0.2 | 519.41 | NOTE | |||
r-devel-windows-x86_64 | 1.0.2 | 35.00 | 242.00 | 277.00 | OK | |
r-patched-linux-x86_64 | 1.0.2 | 33.63 | 373.78 | 407.41 | OK | |
r-release-linux-x86_64 | 1.0.2 | 29.75 | 361.73 | 391.48 | OK | |
r-release-macos-arm64 | 1.0.2 | 130.00 | OK | |||
r-release-macos-x86_64 | 1.0.2 | 227.00 | OK | |||
r-release-windows-x86_64 | 1.0.2 | 48.00 | 340.00 | 388.00 | OK | |
r-oldrel-macos-arm64 | 1.0.2 | 99.00 | NOTE | |||
r-oldrel-macos-x86_64 | 1.0.2 | 183.00 | NOTE | |||
r-oldrel-windows-x86_64 | 1.0.2 | 51.00 | 320.00 | 371.00 | OK |
Version: 1.0.2
Check: dependencies in R code
Result: NOTE
Namespace in Imports field not imported from: ‘methods’
All declared Imports should be used.
Flavors: r-devel-linux-x86_64-fedora-clang, r-devel-linux-x86_64-fedora-gcc, r-oldrel-macos-arm64, r-oldrel-macos-x86_64