CRAN Package Check Results for Package iIneq

Last updated on 2023-01-26 07:53:53 CET.

Flavor Version Tinstall Tcheck Ttotal Status Flags
r-devel-linux-x86_64-debian-clang 1.0.2 1.84 22.59 24.43 NOTE
r-devel-linux-x86_64-debian-gcc 1.0.2 1.90 17.66 19.56 NOTE
r-devel-linux-x86_64-fedora-clang 1.0.2 31.66 NOTE
r-devel-linux-x86_64-fedora-gcc 1.0.2 30.48 NOTE
r-devel-windows-x86_64 1.0.2 6.00 50.00 56.00 NOTE
r-patched-linux-x86_64 1.0.2 1.77 23.60 25.37 NOTE
r-release-linux-x86_64 1.0.2 1.63 22.79 24.42 NOTE
r-release-macos-arm64 1.0.2 17.00 NOTE
r-release-macos-x86_64 1.0.2 20.00 NOTE
r-release-windows-x86_64 1.0.2 6.00 50.00 56.00 NOTE
r-oldrel-macos-arm64 1.0.2 23.00 NOTE
r-oldrel-macos-x86_64 1.0.2 27.00 NOTE
r-oldrel-windows-ix86+x86_64 1.0.2 5.00 47.00 52.00 NOTE

Check Details

Version: 1.0.2
Check: LazyData
Result: NOTE
     'LazyData' is specified without a 'data' directory
Flavors: r-devel-linux-x86_64-debian-clang, r-devel-linux-x86_64-debian-gcc, r-devel-linux-x86_64-fedora-clang, r-devel-linux-x86_64-fedora-gcc, r-devel-windows-x86_64, r-patched-linux-x86_64, r-release-linux-x86_64, r-release-macos-arm64, r-release-macos-x86_64, r-release-windows-x86_64, r-oldrel-macos-arm64, r-oldrel-macos-x86_64, r-oldrel-windows-ix86+x86_64