Last updated on 2023-01-27 07:50:34 CET.
Flavor | Version | Tinstall | Tcheck | Ttotal | Status | Flags |
---|---|---|---|---|---|---|
r-devel-linux-x86_64-debian-clang | 1.4 | 85.48 | 56.47 | 141.95 | OK | |
r-devel-linux-x86_64-debian-gcc | 1.4 | 66.80 | 43.39 | 110.19 | NOTE | |
r-devel-linux-x86_64-fedora-clang | 1.4 | 208.99 | OK | |||
r-devel-linux-x86_64-fedora-gcc | 1.4 | 204.35 | NOTE | |||
r-devel-windows-x86_64 | 1.4 | 76.00 | 106.00 | 182.00 | OK | |
r-patched-linux-x86_64 | 1.4 | 69.73 | 54.88 | 124.61 | OK | |
r-release-linux-x86_64 | 1.4 | 70.10 | 55.16 | 125.26 | OK | |
r-release-macos-arm64 | 1.4 | 52.00 | OK | |||
r-release-macos-x86_64 | 1.4 | 63.00 | OK | |||
r-release-windows-x86_64 | 1.4 | 73.00 | 121.00 | 194.00 | OK | |
r-oldrel-macos-arm64 | 1.4 | 52.00 | OK | |||
r-oldrel-macos-x86_64 | 1.4 | 65.00 | OK | |||
r-oldrel-windows-ix86+x86_64 | 1.4 | 192.00 | 149.00 | 341.00 | OK |
Version: 1.4
Check: C++ specification
Result: NOTE
Specified C++11: please update to current default of C++17
Flavors: r-devel-linux-x86_64-debian-gcc, r-devel-linux-x86_64-fedora-gcc