Last updated on 2023-02-04 08:01:18 CET.
Flavor | Version | Tinstall | Tcheck | Ttotal | Status | Flags |
---|---|---|---|---|---|---|
r-devel-linux-x86_64-debian-clang | 1.3.1 | 369.93 | 77.53 | 447.46 | OK | |
r-devel-linux-x86_64-debian-gcc | 1.3.1 | 259.45 | 59.56 | 319.01 | OK | |
r-devel-linux-x86_64-fedora-clang | 1.3.1 | 653.67 | NOTE | |||
r-devel-linux-x86_64-fedora-gcc | 1.3.1 | 533.62 | NOTE | |||
r-devel-windows-x86_64 | 1.3.1 | 254.00 | 129.00 | 383.00 | OK | |
r-patched-linux-x86_64 | 1.3.1 | 283.97 | 77.76 | 361.73 | OK | |
r-release-linux-x86_64 | 1.3.1 | 271.62 | 73.59 | 345.21 | OK | |
r-release-macos-arm64 | 1.3.1 | 116.00 | NOTE | |||
r-release-macos-x86_64 | 1.3.1 | 152.00 | NOTE | |||
r-release-windows-x86_64 | 1.3.1 | 244.00 | 137.00 | 381.00 | OK | |
r-oldrel-macos-arm64 | 1.3.1 | 121.00 | NOTE | |||
r-oldrel-macos-x86_64 | 1.3.1 | 242.00 | NOTE | |||
r-oldrel-windows-ix86+x86_64 | 1.3.1 | 839.00 | 149.00 | 988.00 | NOTE |
Version: 1.3.1
Check: compiled code
Result: NOTE
File ‘iBATCGH/libs/iBATCGH.so’:
Found no calls to: ‘R_registerRoutines’, ‘R_useDynamicSymbols’
It is good practice to register native routines and to disable symbol
search.
See ‘Writing portable packages’ in the ‘Writing R Extensions’ manual.
Flavors: r-devel-linux-x86_64-fedora-clang, r-devel-linux-x86_64-fedora-gcc
Version: 1.3.1
Check: installed package size
Result: NOTE
installed size is 9.1Mb
sub-directories of 1Mb or more:
data 3.0Mb
libs 6.0Mb
Flavors: r-release-macos-arm64, r-release-macos-x86_64, r-oldrel-macos-arm64, r-oldrel-macos-x86_64, r-oldrel-windows-ix86+x86_64