CRAN Package Check Results for Package hypothesisr

Last updated on 2023-02-02 06:54:55 CET.

Flavor Version Tinstall Tcheck Ttotal Status Flags
r-devel-linux-x86_64-debian-clang 0.1.1 2.31 27.51 29.82 NOTE
r-devel-linux-x86_64-debian-gcc 0.1.1 2.00 21.72 23.72 NOTE
r-devel-linux-x86_64-fedora-clang 0.1.1 38.27 NOTE
r-devel-linux-x86_64-fedora-gcc 0.1.1 37.49 NOTE
r-patched-linux-x86_64 0.1.1 2.47 28.34 30.81 NOTE
r-release-linux-x86_64 0.1.1 2.43 28.95 31.38 NOTE
r-release-macos-arm64 0.1.1 19.00 NOTE
r-release-macos-x86_64 0.1.1 30.00 NOTE
r-release-windows-x86_64 0.1.1 20.00 63.00 83.00 NOTE
r-oldrel-macos-arm64 0.1.1 28.00 NOTE
r-oldrel-macos-x86_64 0.1.1 29.00 NOTE
r-oldrel-windows-ix86+x86_64 0.1.1 5.00 57.00 62.00 NOTE

Check Details

Version: 0.1.1
Check: LazyData
Result: NOTE
     'LazyData' is specified without a 'data' directory
Flavors: r-devel-linux-x86_64-debian-clang, r-devel-linux-x86_64-debian-gcc, r-devel-linux-x86_64-fedora-clang, r-devel-linux-x86_64-fedora-gcc, r-patched-linux-x86_64, r-release-linux-x86_64, r-release-macos-arm64, r-release-macos-x86_64, r-release-windows-x86_64, r-oldrel-macos-arm64, r-oldrel-macos-x86_64, r-oldrel-windows-ix86+x86_64