CRAN Package Check Results for Package hwordcloud

Last updated on 2023-01-28 07:14:57 CET.

Flavor Version Tinstall Tcheck Ttotal Status Flags
r-devel-linux-x86_64-debian-clang 0.1.0 2.98 30.15 33.13 NOTE
r-devel-linux-x86_64-debian-gcc 0.1.0 2.25 23.85 26.10 NOTE
r-devel-linux-x86_64-fedora-clang 0.1.0 42.17 NOTE
r-devel-linux-x86_64-fedora-gcc 0.1.0 52.30 NOTE
r-devel-windows-x86_64 0.1.0 21.00 60.00 81.00 NOTE
r-patched-linux-x86_64 0.1.0 2.99 30.28 33.27 NOTE
r-release-linux-x86_64 0.1.0 2.39 30.45 32.84 NOTE
r-release-macos-arm64 0.1.0 17.00 NOTE
r-release-macos-x86_64 0.1.0 30.00 NOTE
r-release-windows-x86_64 0.1.0 16.00 66.00 82.00 NOTE
r-oldrel-macos-arm64 0.1.0 122.00 NOTE
r-oldrel-macos-x86_64 0.1.0 28.00 NOTE
r-oldrel-windows-ix86+x86_64 0.1.0 9.00 55.00 64.00 NOTE

Check Details

Version: 0.1.0
Check: LazyData
Result: NOTE
     'LazyData' is specified without a 'data' directory
Flavors: r-devel-linux-x86_64-debian-clang, r-devel-linux-x86_64-debian-gcc, r-devel-linux-x86_64-fedora-clang, r-devel-linux-x86_64-fedora-gcc, r-devel-windows-x86_64, r-patched-linux-x86_64, r-release-linux-x86_64, r-release-macos-arm64, r-release-macos-x86_64, r-release-windows-x86_64, r-oldrel-macos-arm64, r-oldrel-macos-x86_64, r-oldrel-windows-ix86+x86_64

Version: 0.1.0
Check: dependencies in R code
Result: NOTE
    Namespaces in Imports field not imported from:
     ‘colourpicker’ ‘shiny’ ‘wordcloud2’
     All declared Imports should be used.
Flavors: r-devel-linux-x86_64-fedora-clang, r-devel-linux-x86_64-fedora-gcc, r-release-macos-arm64, r-release-macos-x86_64, r-oldrel-macos-arm64, r-oldrel-macos-x86_64