CRAN Package Check Results for Package httpRequest

Last updated on 2022-11-30 07:54:29 CET.

Flavor Version Tinstall Tcheck Ttotal Status Flags
r-devel-linux-x86_64-debian-clang 0.0.11 1.84 21.76 23.60 NOTE
r-devel-linux-x86_64-debian-gcc 0.0.11 1.53 17.00 18.53 NOTE
r-devel-linux-x86_64-fedora-clang 0.0.11 40.72 NOTE
r-devel-linux-x86_64-fedora-gcc 0.0.11 40.97 NOTE
r-devel-windows-x86_64 0.0.11 14.00 46.00 60.00 NOTE
r-patched-linux-x86_64 0.0.11 1.83 21.17 23.00 OK
r-release-linux-x86_64 0.0.11 1.97 20.99 22.96 OK
r-release-macos-arm64 0.0.11 18.00 OK
r-release-macos-x86_64 0.0.11 21.00 OK
r-release-windows-x86_64 0.0.11 21.00 43.00 64.00 OK
r-oldrel-macos-arm64 0.0.11 17.00 OK
r-oldrel-macos-x86_64 0.0.11 22.00 OK
r-oldrel-windows-ix86+x86_64 0.0.11 3.00 24.00 27.00 OK

Check Details

Version: 0.0.11
Check: Rd files
Result: NOTE
    checkRd: (-1) simplePostToHost.Rd:14: Escaped LaTeX specials: \&
Flavors: r-devel-linux-x86_64-debian-clang, r-devel-linux-x86_64-debian-gcc, r-devel-linux-x86_64-fedora-clang, r-devel-linux-x86_64-fedora-gcc, r-devel-windows-x86_64