Last updated on 2023-10-01 08:52:01 CEST.
Flavor | Version | Tinstall | Tcheck | Ttotal | Status | Flags |
---|---|---|---|---|---|---|
r-devel-linux-x86_64-debian-clang | 0.1.4 | 72.98 | 27.43 | 100.41 | NOTE | |
r-devel-linux-x86_64-debian-gcc | 0.1.4 | 57.52 | 21.50 | 79.02 | NOTE | |
r-devel-linux-x86_64-fedora-gcc | 0.1.4 | 147.40 | NOTE | |||
r-devel-windows-x86_64 | 0.1.4 | 51.00 | 63.00 | 114.00 | NOTE | |
r-patched-linux-x86_64 | 0.1.4 | 46.97 | 27.06 | 74.03 | NOTE | |
r-release-linux-x86_64 | 0.1.4 | 43.74 | 27.54 | 71.28 | NOTE | |
r-release-macos-arm64 | 0.1.4 | 46.00 | NOTE | |||
r-release-macos-x86_64 | 0.1.4 | 82.00 | NOTE | |||
r-release-windows-x86_64 | 0.1.4 | 60.00 | 69.00 | 129.00 | NOTE | |
r-oldrel-macos-arm64 | 0.1.4 | 45.00 | NOTE | |||
r-oldrel-macos-x86_64 | 0.1.4 | 41.00 | NOTE | |||
r-oldrel-windows-x86_64 | 0.1.4 | 56.00 | 104.00 | 160.00 | NOTE |
Version: 0.1.4
Check: LazyData
Result: NOTE
'LazyData' is specified without a 'data' directory
Flavors: r-devel-linux-x86_64-debian-clang, r-devel-linux-x86_64-debian-gcc, r-devel-linux-x86_64-fedora-gcc, r-devel-windows-x86_64, r-patched-linux-x86_64, r-release-linux-x86_64, r-release-macos-arm64, r-release-macos-x86_64, r-release-windows-x86_64, r-oldrel-macos-arm64, r-oldrel-macos-x86_64, r-oldrel-windows-x86_64
Version: 0.1.4
Check: compiled code
Result: NOTE
File ‘htdp/libs/htdp.so’:
Found no calls to: ‘R_registerRoutines’, ‘R_useDynamicSymbols’
It is good practice to register native routines and to disable symbol
search.
See ‘Writing portable packages’ in the ‘Writing R Extensions’ manual.
Flavor: r-devel-linux-x86_64-fedora-gcc