Last updated on 2023-01-31 07:54:14 CET.
Flavor | Version | Tinstall | Tcheck | Ttotal | Status | Flags |
---|---|---|---|---|---|---|
r-devel-linux-x86_64-debian-clang | 2.0.2 | 68.04 | 56.41 | 124.45 | OK | |
r-devel-linux-x86_64-debian-gcc | 2.0.2 | 57.19 | 42.50 | 99.69 | OK | |
r-devel-linux-x86_64-fedora-clang | 2.0.2 | 197.82 | NOTE | |||
r-devel-linux-x86_64-fedora-gcc | 2.0.2 | 172.62 | NOTE | |||
r-devel-windows-x86_64 | 2.0.2 | 123.00 | 129.00 | 252.00 | OK | |
r-patched-linux-x86_64 | 2.0.2 | 58.69 | 55.09 | 113.78 | OK | |
r-release-linux-x86_64 | 2.0.2 | 57.37 | 55.79 | 113.16 | OK | |
r-release-macos-arm64 | 2.0.2 | 49.00 | OK | |||
r-release-macos-x86_64 | 2.0.2 | 63.00 | OK | |||
r-release-windows-x86_64 | 2.0.2 | 79.00 | 145.00 | 224.00 | OK | |
r-oldrel-macos-arm64 | 2.0.2 | 64.00 | OK | |||
r-oldrel-macos-x86_64 | 2.0.2 | 91.00 | OK | |||
r-oldrel-windows-ix86+x86_64 | 2.0.2 | 177.00 | 115.00 | 292.00 | OK |
Version: 2.0.2
Check: compiled code
Result: NOTE
File ‘hsphase/libs/hsphase.so’:
Found no calls to: ‘R_registerRoutines’, ‘R_useDynamicSymbols’
It is good practice to register native routines and to disable symbol
search.
See ‘Writing portable packages’ in the ‘Writing R Extensions’ manual.
Flavors: r-devel-linux-x86_64-fedora-clang, r-devel-linux-x86_64-fedora-gcc