Last updated on 2023-02-05 07:57:25 CET.
Flavor | Version | Tinstall | Tcheck | Ttotal | Status | Flags |
---|---|---|---|---|---|---|
r-devel-linux-x86_64-debian-clang | 1.0.4 | 102.65 | 599.05 | 701.70 | NOTE | |
r-devel-linux-x86_64-debian-gcc | 1.0.4 | 87.30 | 429.16 | 516.46 | NOTE | |
r-devel-linux-x86_64-fedora-clang | 1.0.4 | 858.98 | NOTE | |||
r-devel-linux-x86_64-fedora-gcc | 1.0.4 | 853.64 | NOTE | |||
r-devel-windows-x86_64 | 1.0.4 | 184.00 | 684.00 | 868.00 | NOTE | |
r-patched-linux-x86_64 | 1.0.4 | 95.77 | 568.96 | 664.73 | OK | |
r-release-linux-x86_64 | 1.0.4 | 74.25 | 572.10 | 646.35 | OK | |
r-release-macos-arm64 | 1.0.4 | 197.00 | NOTE | |||
r-release-macos-x86_64 | 1.0.4 | 350.00 | NOTE | |||
r-release-windows-x86_64 | 1.0.4 | 188.00 | 675.00 | 863.00 | NOTE | |
r-oldrel-macos-arm64 | 1.0.4 | 134.00 | NOTE | |||
r-oldrel-macos-x86_64 | 1.0.4 | 267.00 | NOTE | |||
r-oldrel-windows-ix86+x86_64 | 1.0.4 | 202.00 | 805.00 | 1007.00 | NOTE |
Version: 1.0.4
Check: Rd files
Result: NOTE
checkRd: (-1) attributes_speclib.Rd:73: Escaped LaTeX specials: \$
checkRd: (-1) get_reflectance.Rd:34: Escaped LaTeX specials: \&
Flavors: r-devel-linux-x86_64-debian-clang, r-devel-linux-x86_64-debian-gcc, r-devel-linux-x86_64-fedora-clang, r-devel-linux-x86_64-fedora-gcc, r-devel-windows-x86_64
Version: 1.0.4
Check: installed package size
Result: NOTE
installed size is 6.1Mb
sub-directories of 1Mb or more:
R 2.1Mb
doc 2.5Mb
Flavors: r-devel-linux-x86_64-fedora-clang, r-devel-windows-x86_64, r-release-macos-arm64, r-release-macos-x86_64, r-release-windows-x86_64, r-oldrel-macos-arm64, r-oldrel-macos-x86_64, r-oldrel-windows-ix86+x86_64