Last updated on 2023-01-27 07:50:34 CET.
Flavor | Version | Tinstall | Tcheck | Ttotal | Status | Flags |
---|---|---|---|---|---|---|
r-devel-linux-x86_64-debian-clang | 0.1.0 | 3.69 | 39.55 | 43.24 | OK | |
r-devel-linux-x86_64-debian-gcc | 0.1.0 | 3.36 | 29.77 | 33.13 | OK | |
r-devel-linux-x86_64-fedora-clang | 0.1.0 | 53.33 | NOTE | |||
r-devel-linux-x86_64-fedora-gcc | 0.1.0 | 51.63 | NOTE | |||
r-devel-windows-x86_64 | 0.1.0 | 12.00 | 68.00 | 80.00 | OK | |
r-patched-linux-x86_64 | 0.1.0 | 4.36 | 38.05 | 42.41 | OK | |
r-release-linux-x86_64 | 0.1.0 | 3.42 | 38.42 | 41.84 | OK | |
r-release-macos-arm64 | 0.1.0 | 21.00 | NOTE | |||
r-release-macos-x86_64 | 0.1.0 | 30.00 | NOTE | |||
r-release-windows-x86_64 | 0.1.0 | 16.00 | 66.00 | 82.00 | OK | |
r-oldrel-macos-arm64 | 0.1.0 | 29.00 | NOTE | |||
r-oldrel-macos-x86_64 | 0.1.0 | 28.00 | NOTE | |||
r-oldrel-windows-ix86+x86_64 | 0.1.0 | 10.00 | 69.00 | 79.00 | OK |
Version: 0.1.0
Check: data for non-ASCII characters
Result: NOTE
Note: found 124 marked UTF-8 strings
Flavors: r-devel-linux-x86_64-fedora-clang, r-devel-linux-x86_64-fedora-gcc, r-release-macos-arm64, r-release-macos-x86_64, r-oldrel-macos-arm64, r-oldrel-macos-x86_64