Last updated on 2023-03-25 07:02:21 CET.
Flavor | Version | Tinstall | Tcheck | Ttotal | Status | Flags |
---|---|---|---|---|---|---|
r-devel-linux-x86_64-debian-clang | 1.0-10 | 4.10 | 58.79 | 62.89 | OK | |
r-devel-linux-x86_64-debian-gcc | 1.0-10 | 3.21 | 44.33 | 47.54 | OK | |
r-devel-linux-x86_64-fedora-clang | 1.0-10 | 85.46 | NOTE | |||
r-devel-linux-x86_64-fedora-gcc | 1.0-10 | 79.33 | OK | |||
r-patched-linux-x86_64 | 1.0-10 | 4.91 | 58.88 | 63.79 | OK | |
r-release-linux-x86_64 | 1.0-10 | 5.67 | 56.95 | 62.62 | OK | |
r-release-macos-arm64 | 1.0-10 | 29.00 | OK | |||
r-release-macos-x86_64 | 1.0-10 | 37.00 | OK | |||
r-release-windows-x86_64 | 1.0-10 | 21.00 | 89.00 | 110.00 | OK | |
r-oldrel-macos-arm64 | 1.0-10 | 28.00 | OK | |||
r-oldrel-macos-x86_64 | 1.0-10 | 34.00 | OK | |||
r-oldrel-windows-ix86+x86_64 | 1.0-10 | 14.00 | 143.00 | 157.00 | OK |
Version: 1.0-10
Check: Rd cross-references
Result: NOTE
Undeclared package ‘rgl’ in Rd xrefs
Flavor: r-devel-linux-x86_64-fedora-clang