Last updated on 2023-12-03 08:50:10 CET.
Flavor | Version | Tinstall | Tcheck | Ttotal | Status | Flags |
---|---|---|---|---|---|---|
r-devel-linux-x86_64-debian-clang | 1.0-0 | 5.12 | 57.97 | 63.09 | NOTE | |
r-devel-linux-x86_64-debian-gcc | 1.0-0 | 3.84 | 44.30 | 48.14 | NOTE | |
r-devel-linux-x86_64-fedora-clang | 1.0-0 | 80.41 | NOTE | |||
r-devel-linux-x86_64-fedora-gcc | 1.0-0 | 74.51 | NOTE | |||
r-devel-windows-x86_64 | 1.0-0 | 5.00 | 69.00 | 74.00 | NOTE | |
r-patched-linux-x86_64 | 1.0-0 | 5.17 | 57.95 | 63.12 | NOTE | |
r-release-linux-x86_64 | 1.0-0 | 4.46 | 57.56 | 62.02 | NOTE | |
r-release-macos-arm64 | 1.0-0 | 29.00 | NOTE | |||
r-release-macos-x86_64 | 1.0-0 | 44.00 | NOTE | |||
r-release-windows-x86_64 | 1.0-0 | 6.00 | 79.00 | 85.00 | NOTE | |
r-oldrel-macos-arm64 | 1.0-0 | 35.00 | OK | |||
r-oldrel-macos-x86_64 | 1.0-0 | 38.00 | OK | |||
r-oldrel-windows-x86_64 | 1.0-0 | 8.00 | 82.00 | 90.00 | OK |
Version: 1.0-0
Check: Rd files
Result: NOTE
checkRd: (-1) disc42.Rd:28: Escaped LaTeX specials: \&
checkRd: (-1) discrimination.Rd:31: Escaped LaTeX specials: \&
Flavors: r-devel-linux-x86_64-debian-clang, r-devel-linux-x86_64-debian-gcc, r-devel-linux-x86_64-fedora-clang, r-devel-linux-x86_64-fedora-gcc, r-devel-windows-x86_64, r-patched-linux-x86_64, r-release-linux-x86_64, r-release-macos-arm64, r-release-macos-x86_64, r-release-windows-x86_64