Last updated on 2023-02-06 06:51:58 CET.
Flavor | Version | Tinstall | Tcheck | Ttotal | Status | Flags |
---|---|---|---|---|---|---|
r-devel-linux-x86_64-debian-clang | 2.1.0 | 175.86 | 585.66 | 761.52 | NOTE | |
r-devel-linux-x86_64-debian-gcc | 2.1.0 | 132.21 | 419.39 | 551.60 | NOTE | |
r-devel-linux-x86_64-fedora-clang | 2.1.0 | 959.74 | NOTE | |||
r-devel-linux-x86_64-fedora-gcc | 2.1.0 | 960.62 | NOTE | |||
r-devel-windows-x86_64 | 2.1.0 | 143.00 | 636.00 | 779.00 | NOTE | |
r-patched-linux-x86_64 | 2.1.0 | 129.66 | 583.95 | 713.61 | OK | |
r-release-linux-x86_64 | 2.1.0 | 123.60 | 571.78 | 695.38 | OK | |
r-release-macos-arm64 | 2.1.0 | 184.00 | NOTE | |||
r-release-macos-x86_64 | 2.1.0 | 333.00 | NOTE | |||
r-release-windows-x86_64 | 2.1.0 | 136.00 | 636.00 | 772.00 | OK | |
r-oldrel-macos-arm64 | 2.1.0 | 183.00 | NOTE | |||
r-oldrel-macos-x86_64 | 2.1.0 | 344.00 | NOTE | |||
r-oldrel-windows-ix86+x86_64 | 2.1.0 | 367.00 | 1552.00 | 1919.00 | OK |
Version: 2.1.0
Check: C++ specification
Result: NOTE
Specified C++11: please update to current default of C++17
Flavors: r-devel-linux-x86_64-debian-clang, r-devel-linux-x86_64-debian-gcc, r-devel-linux-x86_64-fedora-clang, r-devel-linux-x86_64-fedora-gcc, r-devel-windows-x86_64
Version: 2.1.0
Check: installed package size
Result: NOTE
installed size is 12.0Mb
sub-directories of 1Mb or more:
libs 11.1Mb
Flavors: r-release-macos-arm64, r-release-macos-x86_64, r-oldrel-macos-arm64, r-oldrel-macos-x86_64