CRAN Package Check Results for Package hindex

Last updated on 2023-01-30 09:54:14 CET.

Flavor Version Tinstall Tcheck Ttotal Status Flags
r-devel-linux-x86_64-debian-clang 0.2.0 3.87 39.57 43.44 NOTE
r-devel-linux-x86_64-debian-gcc 0.2.0 2.70 29.63 32.33 NOTE
r-devel-linux-x86_64-fedora-clang 0.2.0 53.70 NOTE
r-devel-linux-x86_64-fedora-gcc 0.2.0 52.41 NOTE
r-devel-windows-x86_64 0.2.0 12.00 76.00 88.00 NOTE
r-patched-linux-x86_64 0.2.0 3.84 38.52 42.36 NOTE
r-release-linux-x86_64 0.2.0 3.06 39.20 42.26 NOTE
r-release-macos-arm64 0.2.0 20.00 NOTE
r-release-macos-x86_64 0.2.0 34.00 NOTE
r-release-windows-x86_64 0.2.0 10.00 75.00 85.00 NOTE
r-oldrel-macos-arm64 0.2.0 26.00 NOTE
r-oldrel-macos-x86_64 0.2.0 29.00 NOTE
r-oldrel-windows-ix86+x86_64 0.2.0 8.00 65.00 73.00 NOTE

Check Details

Version: 0.2.0
Check: LazyData
Result: NOTE
     'LazyData' is specified without a 'data' directory
Flavors: r-devel-linux-x86_64-debian-clang, r-devel-linux-x86_64-debian-gcc, r-devel-linux-x86_64-fedora-clang, r-devel-linux-x86_64-fedora-gcc, r-devel-windows-x86_64, r-patched-linux-x86_64, r-release-linux-x86_64, r-release-macos-arm64, r-release-macos-x86_64, r-release-windows-x86_64, r-oldrel-macos-arm64, r-oldrel-macos-x86_64, r-oldrel-windows-ix86+x86_64