Last updated on 2023-01-27 07:50:34 CET.
Flavor | Version | Tinstall | Tcheck | Ttotal | Status | Flags |
---|---|---|---|---|---|---|
r-devel-linux-x86_64-debian-clang | 0.1-6 | 561.38 | 30.39 | 591.77 | OK | |
r-devel-linux-x86_64-debian-gcc | 0.1-6 | 739.31 | 23.92 | 763.23 | NOTE | |
r-devel-linux-x86_64-fedora-clang | 0.1-6 | 1085.44 | OK | |||
r-devel-linux-x86_64-fedora-gcc | 0.1-6 | 1304.46 | NOTE | |||
r-devel-windows-x86_64 | 0.1-6 | 1443.00 | 100.00 | 1543.00 | OK | |
r-patched-linux-x86_64 | 0.1-6 | 786.00 | 30.74 | 816.74 | OK | |
r-release-linux-x86_64 | 0.1-6 | 767.52 | 30.34 | 797.86 | OK | |
r-release-macos-arm64 | 0.1-6 | 237.00 | NOTE | |||
r-release-macos-x86_64 | 0.1-6 | 313.00 | NOTE | |||
r-release-windows-x86_64 | 0.1-6 | 1374.00 | 103.00 | 1477.00 | OK | |
r-oldrel-macos-arm64 | 0.1-6 | 219.00 | NOTE | |||
r-oldrel-macos-x86_64 | 0.1-6 | 305.00 | NOTE | |||
r-oldrel-windows-ix86+x86_64 | 0.1-6 | 10.00 | 17.00 | 27.00 | ERROR |
Version: 0.1-6
Check: C++ specification
Result: NOTE
Specified C++11: please update to current default of C++17
Flavors: r-devel-linux-x86_64-debian-gcc, r-devel-linux-x86_64-fedora-gcc
Version: 0.1-6
Check: installed package size
Result: NOTE
installed size is 46.2Mb
sub-directories of 1Mb or more:
libs 46.1Mb
Flavors: r-release-macos-arm64, r-release-macos-x86_64, r-oldrel-macos-arm64, r-oldrel-macos-x86_64
Version: 0.1-6
Check: whether package can be installed
Result: ERROR
Installation failed.
Flavor: r-oldrel-windows-ix86+x86_64