Last updated on 2023-10-02 07:56:28 CEST.
Flavor | Version | Tinstall | Tcheck | Ttotal | Status | Flags |
---|---|---|---|---|---|---|
r-devel-linux-x86_64-debian-clang | 0.1-10 | 608.70 | 33.28 | 641.98 | NOTE | |
r-devel-linux-x86_64-debian-gcc | 0.1-10 | 667.88 | 25.26 | 693.14 | NOTE | |
r-devel-linux-x86_64-fedora-clang | 0.1-10 | 1086.96 | NOTE | |||
r-devel-linux-x86_64-fedora-gcc | 0.1-10 | 1380.54 | NOTE | |||
r-devel-windows-x86_64 | 0.1-10 | 468.00 | 91.00 | 559.00 | NOTE | |
r-patched-linux-x86_64 | 0.1-10 | 939.52 | 32.59 | 972.11 | NOTE | |
r-release-linux-x86_64 | 0.1-10 | 929.03 | 31.79 | 960.82 | NOTE | |
r-release-macos-arm64 | 0.1-10 | 237.00 | NOTE | |||
r-release-macos-x86_64 | 0.1-10 | 181.00 | NOTE | |||
r-release-windows-x86_64 | 0.1-10 | 523.00 | 98.00 | 621.00 | NOTE | |
r-oldrel-macos-arm64 | 0.1-10 | 230.00 | NOTE | |||
r-oldrel-macos-x86_64 | 0.1-10 | 267.00 | NOTE | |||
r-oldrel-windows-x86_64 | 0.1-10 | 675.00 | 91.00 | 766.00 | OK |
Version: 0.1-10
Check: C++ specification
Result: NOTE
Specified C++11: please drop specification unless essential
Flavors: r-devel-linux-x86_64-debian-clang, r-devel-linux-x86_64-debian-gcc, r-devel-linux-x86_64-fedora-clang, r-devel-linux-x86_64-fedora-gcc, r-devel-windows-x86_64, r-patched-linux-x86_64, r-release-linux-x86_64, r-release-macos-arm64, r-release-macos-x86_64, r-release-windows-x86_64
Version: 0.1-10
Check: installed package size
Result: NOTE
installed size is 48.5Mb
sub-directories of 1Mb or more:
libs 48.4Mb
Flavors: r-release-macos-arm64, r-release-macos-x86_64, r-oldrel-macos-arm64, r-oldrel-macos-x86_64