CRAN Package Check Results for Package highs

Last updated on 2024-07-25 07:56:08 CEST.

Flavor Version Tinstall Tcheck Ttotal Status Flags
r-devel-linux-x86_64-debian-clang 0.1-10 594.49 34.81 629.30 NOTE
r-devel-linux-x86_64-debian-gcc 0.1-10 656.02 25.23 681.25 NOTE
r-devel-linux-x86_64-fedora-clang 0.1-10 1089.85 NOTE
r-devel-linux-x86_64-fedora-gcc 0.1-10 1519.94 NOTE
r-devel-windows-x86_64 0.1-10 606.00 84.00 690.00 NOTE
r-patched-linux-x86_64 0.1-10 851.34 31.76 883.10 NOTE
r-release-linux-x86_64 0.1-10 843.54 32.30 875.84 NOTE
r-release-macos-arm64 0.1-10 194.00 NOTE
r-release-macos-x86_64 0.1-10 156.00 NOTE
r-release-windows-x86_64 0.1-10 580.00 85.00 665.00 NOTE
r-oldrel-macos-arm64 0.1-10 237.00 NOTE
r-oldrel-macos-x86_64 0.1-10 181.00 NOTE
r-oldrel-windows-x86_64 0.1-10 550.00 102.00 652.00 NOTE

Check Details

Version: 0.1-10
Check: C++ specification
Result: NOTE Specified C++11: please drop specification unless essential Flavors: r-devel-linux-x86_64-debian-clang, r-devel-linux-x86_64-debian-gcc, r-devel-linux-x86_64-fedora-clang, r-devel-linux-x86_64-fedora-gcc, r-devel-windows-x86_64, r-patched-linux-x86_64, r-release-linux-x86_64, r-release-macos-arm64, r-release-macos-x86_64, r-release-windows-x86_64, r-oldrel-macos-arm64, r-oldrel-macos-x86_64, r-oldrel-windows-x86_64

Version: 0.1-10
Check: installed package size
Result: NOTE installed size is 46.0Mb sub-directories of 1Mb or more: libs 45.8Mb Flavors: r-release-macos-arm64, r-release-macos-x86_64, r-oldrel-macos-arm64, r-oldrel-macos-x86_64