Last updated on 2023-03-21 06:51:36 CET.
Flavor | Version | Tinstall | Tcheck | Ttotal | Status | Flags |
---|---|---|---|---|---|---|
r-devel-linux-x86_64-debian-clang | 0.5.1 | NOTE | ||||
r-devel-linux-x86_64-debian-gcc | 0.5.1 | 54.71 | 22.10 | 76.81 | NOTE | |
r-devel-linux-x86_64-fedora-clang | 0.5.1 | 200.40 | NOTE | |||
r-devel-linux-x86_64-fedora-gcc | 0.5.1 | 139.73 | NOTE | |||
r-patched-linux-x86_64 | 0.5.1 | 61.13 | 28.52 | 89.65 | OK | |
r-release-linux-x86_64 | 0.5.1 | 61.56 | 29.02 | 90.58 | OK | |
r-release-macos-arm64 | 0.5.1 | 47.00 | NOTE | |||
r-release-macos-x86_64 | 0.5.1 | 81.00 | NOTE | |||
r-release-windows-x86_64 | 0.5.1 | 126.00 | 79.00 | 205.00 | OK | |
r-oldrel-macos-arm64 | 0.5.1 | 47.00 | NOTE | |||
r-oldrel-macos-x86_64 | 0.5.1 | 79.00 | NOTE | |||
r-oldrel-windows-ix86+x86_64 | 0.5.1 | 171.00 | 70.00 | 241.00 | OK |
Version: 0.5.1
Check: C++ specification
Result: NOTE
Specified C++11: please drop specification unless essential
Flavors: r-devel-linux-x86_64-debian-clang, r-devel-linux-x86_64-debian-gcc, r-devel-linux-x86_64-fedora-clang, r-devel-linux-x86_64-fedora-gcc
Version: 0.5.1
Check: installed package size
Result: NOTE
installed size is 9.2Mb
sub-directories of 1Mb or more:
highlight 1.0Mb
libs 8.0Mb
Flavors: r-release-macos-arm64, r-release-macos-x86_64, r-oldrel-macos-arm64, r-oldrel-macos-x86_64