Last updated on 2023-02-02 06:54:54 CET.
Flavor | Version | Tinstall | Tcheck | Ttotal | Status | Flags |
---|---|---|---|---|---|---|
r-devel-linux-x86_64-debian-clang | 0.13.1 | 11.42 | 107.66 | 119.08 | OK | |
r-devel-linux-x86_64-debian-gcc | 0.13.1 | 10.65 | 80.89 | 91.54 | OK | |
r-devel-linux-x86_64-fedora-clang | 0.13.1 | 146.41 | NOTE | |||
r-devel-linux-x86_64-fedora-gcc | 0.13.1 | 153.03 | OK | |||
r-devel-windows-x86_64 | 0.13.1 | 55.00 | 143.00 | 198.00 | OK | |
r-patched-linux-x86_64 | 0.13.1 | 13.79 | 102.57 | 116.36 | OK | |
r-release-linux-x86_64 | 0.13.1 | 9.39 | 99.19 | 108.58 | OK | |
r-release-macos-arm64 | 0.13.1 | 43.00 | OK | |||
r-release-macos-x86_64 | 0.13.1 | 57.00 | OK | |||
r-release-windows-x86_64 | 0.13.1 | 32.00 | 141.00 | 173.00 | OK | |
r-oldrel-macos-arm64 | 0.13.1 | 49.00 | OK | |||
r-oldrel-macos-x86_64 | 0.13.1 | 92.00 | OK | |||
r-oldrel-windows-ix86+x86_64 | 0.13.1 | 22.00 | 127.00 | 149.00 | OK |
Version: 0.13.1
Check: Rd cross-references
Result: NOTE
Undeclared packages ‘sp’, ‘rgeos’ in Rd xrefs
Flavor: r-devel-linux-x86_64-fedora-clang