Last updated on 2023-02-04 08:01:17 CET.
Flavor | Version | Tinstall | Tcheck | Ttotal | Status | Flags |
---|---|---|---|---|---|---|
r-devel-linux-x86_64-debian-clang | 0.2-3 | 44.53 | 51.50 | 96.03 | NOTE | |
r-devel-linux-x86_64-debian-gcc | 0.2-3 | 33.08 | 40.00 | 73.08 | NOTE | |
r-devel-linux-x86_64-fedora-clang | 0.2-3 | 132.60 | NOTE | |||
r-devel-linux-x86_64-fedora-gcc | 0.2-3 | 128.29 | NOTE | |||
r-devel-windows-x86_64 | 0.2-3 | 54.00 | 94.00 | 148.00 | NOTE | |
r-patched-linux-x86_64 | 0.2-3 | 37.90 | 48.81 | 86.71 | OK | |
r-release-linux-x86_64 | 0.2-3 | 35.77 | 48.92 | 84.69 | OK | |
r-release-macos-arm64 | 0.2-3 | 33.00 | NOTE | |||
r-release-macos-x86_64 | 0.2-3 | 49.00 | NOTE | |||
r-release-windows-x86_64 | 0.2-3 | 45.00 | 102.00 | 147.00 | OK | |
r-oldrel-macos-arm64 | 0.2-3 | 36.00 | NOTE | |||
r-oldrel-macos-x86_64 | 0.2-3 | 47.00 | NOTE | |||
r-oldrel-windows-ix86+x86_64 | 0.2-3 | 101.00 | 100.00 | 201.00 | OK |
Version: 0.2-3
Check: C++ specification
Result: NOTE
Specified C++11: please update to current default of C++17
Flavors: r-devel-linux-x86_64-debian-clang, r-devel-linux-x86_64-debian-gcc, r-devel-linux-x86_64-fedora-clang, r-devel-linux-x86_64-fedora-gcc, r-devel-windows-x86_64
Version: 0.2-3
Check: Rd cross-references
Result: NOTE
Undeclared package ‘lme4’ in Rd xrefs
Flavor: r-devel-linux-x86_64-fedora-clang
Version: 0.2-3
Check: installed package size
Result: NOTE
installed size is 5.4Mb
sub-directories of 1Mb or more:
libs 4.6Mb
Flavors: r-release-macos-arm64, r-release-macos-x86_64, r-oldrel-macos-arm64, r-oldrel-macos-x86_64