CRAN Package Check Results for Package hglm.data

Last updated on 2023-01-31 07:54:14 CET.

Flavor Version Tinstall Tcheck Ttotal Status Flags
r-devel-linux-x86_64-debian-clang 1.0-1 6.13 38.94 45.07 NOTE
r-devel-linux-x86_64-debian-gcc 1.0-1 4.68 30.36 35.04 NOTE
r-devel-linux-x86_64-fedora-clang 1.0-1 57.48 NOTE
r-devel-linux-x86_64-fedora-gcc 1.0-1 56.38 NOTE
r-devel-windows-x86_64 1.0-1 17.00 70.00 87.00 NOTE
r-patched-linux-x86_64 1.0-1 7.15 38.05 45.20 OK
r-release-linux-x86_64 1.0-1 4.89 38.08 42.97 OK
r-release-macos-arm64 1.0-1 24.00 OK
r-release-macos-x86_64 1.0-1 32.00 OK
r-release-windows-x86_64 1.0-1 13.00 73.00 86.00 OK
r-oldrel-macos-arm64 1.0-1 29.00 OK
r-oldrel-macos-x86_64 1.0-1 43.00 OK
r-oldrel-windows-ix86+x86_64 1.0-1 16.00 64.00 80.00 OK

Check Details

Version: 1.0-1
Check: Rd files
Result: NOTE
    checkRd: (-1) ohio.Rd:104: Escaped LaTeX specials: \&
    checkRd: (-1) ohio.Rd:105: Escaped LaTeX specials: \&
Flavors: r-devel-linux-x86_64-debian-clang, r-devel-linux-x86_64-debian-gcc, r-devel-linux-x86_64-fedora-clang, r-devel-linux-x86_64-fedora-gcc, r-devel-windows-x86_64