Last updated on 2023-02-08 07:54:32 CET.
Flavor | Version | Tinstall | Tcheck | Ttotal | Status | Flags |
---|---|---|---|---|---|---|
r-devel-linux-x86_64-debian-clang | 1.28.2 | 11.84 | 78.32 | 90.16 | NOTE | |
r-devel-linux-x86_64-debian-gcc | 1.28.2 | 7.55 | 59.46 | 67.01 | NOTE | |
r-devel-linux-x86_64-fedora-clang | 1.28.2 | 107.91 | NOTE | |||
r-devel-linux-x86_64-fedora-gcc | 1.28.2 | 124.25 | NOTE | |||
r-devel-windows-x86_64 | 1.28.2 | 57.00 | 126.00 | 183.00 | NOTE | |
r-patched-linux-x86_64 | 1.28.2 | 12.36 | 73.56 | 85.92 | OK | |
r-release-linux-x86_64 | 1.28.2 | 10.18 | 73.34 | 83.52 | OK | |
r-release-macos-arm64 | 1.28.2 | 39.00 | NOTE | |||
r-release-macos-x86_64 | 1.28.2 | 53.00 | OK | |||
r-release-windows-x86_64 | 1.28.2 | 51.00 | 130.00 | 181.00 | OK | |
r-oldrel-macos-arm64 | 1.28.2 | 43.00 | NOTE | |||
r-oldrel-macos-x86_64 | 1.28.2 | 68.00 | OK | |||
r-oldrel-windows-ix86+x86_64 | 1.28.2 | 24.00 | 136.00 | 160.00 | OK |
Version: 1.28.2
Check: Rd files
Result: NOTE
checkRd: (-1) erode.hexbin.Rd:43: Escaped LaTeX specials: \_ \_ \_ \_ \_ \_ \_
Flavors: r-devel-linux-x86_64-debian-clang, r-devel-linux-x86_64-debian-gcc, r-devel-linux-x86_64-fedora-clang, r-devel-linux-x86_64-fedora-gcc, r-devel-windows-x86_64
Version: 1.28.2
Check: package dependencies
Result: NOTE
Packages suggested but not available for checking:
'marray', 'affy', 'Biobase', 'limma'
Flavor: r-release-macos-arm64
Version: 1.28.2
Check: Rd cross-references
Result: NOTE
Package unavailable to check Rd xrefs: ‘limma’
Flavor: r-release-macos-arm64
Version: 1.28.2
Check: package dependencies
Result: NOTE
Package suggested but not available for checking: ‘marray’
Flavor: r-oldrel-macos-arm64