Last updated on 2023-02-01 07:53:06 CET.
Flavor | Version | Tinstall | Tcheck | Ttotal | Status | Flags |
---|---|---|---|---|---|---|
r-devel-linux-x86_64-debian-clang | 1.4.2 | 8.94 | 268.12 | 277.06 | OK | |
r-devel-linux-x86_64-debian-gcc | 1.4.2 | 6.82 | 189.54 | 196.36 | OK | |
r-devel-linux-x86_64-fedora-clang | 1.4.2 | 331.66 | NOTE | |||
r-devel-linux-x86_64-fedora-gcc | 1.4.2 | 324.16 | OK | |||
r-devel-windows-x86_64 | 1.4.2 | 54.00 | 298.00 | 352.00 | NOTE | |
r-patched-linux-x86_64 | 1.4.2 | 15.09 | 247.18 | 262.27 | OK | |
r-release-linux-x86_64 | 1.4.2 | 6.90 | 245.83 | 252.73 | OK | |
r-release-macos-arm64 | 1.4.2 | 81.00 | NOTE | |||
r-release-macos-x86_64 | 1.4.2 | 116.00 | NOTE | |||
r-release-windows-x86_64 | 1.4.2 | 51.00 | 316.00 | 367.00 | NOTE | |
r-oldrel-macos-arm64 | 1.4.2 | 81.00 | NOTE | |||
r-oldrel-macos-x86_64 | 1.4.2 | 113.00 | NOTE | |||
r-oldrel-windows-ix86+x86_64 | 1.4.2 | 22.00 | 305.00 | 327.00 | NOTE |
Version: 1.4.2
Check: installed package size
Result: NOTE
installed size is 5.5Mb
sub-directories of 1Mb or more:
doc 5.1Mb
Flavors: r-devel-linux-x86_64-fedora-clang, r-devel-windows-x86_64, r-release-macos-arm64, r-release-macos-x86_64, r-release-windows-x86_64, r-oldrel-macos-arm64, r-oldrel-macos-x86_64, r-oldrel-windows-ix86+x86_64