Last updated on 2023-12-01 07:50:07 CET.
Flavor | Version | Tinstall | Tcheck | Ttotal | Status | Flags |
---|---|---|---|---|---|---|
r-devel-linux-x86_64-debian-clang | 1.5.0 | 10.59 | 289.59 | 300.18 | NOTE | |
r-devel-linux-x86_64-debian-gcc | 1.5.0 | 7.27 | 213.42 | 220.69 | NOTE | |
r-devel-linux-x86_64-fedora-clang | 1.5.0 | 378.16 | NOTE | |||
r-devel-linux-x86_64-fedora-gcc | 1.5.0 | 380.10 | OK | |||
r-devel-windows-x86_64 | 1.5.0 | 10.00 | 211.00 | 221.00 | NOTE | |
r-patched-linux-x86_64 | 1.5.0 | 12.24 | 268.60 | 280.84 | OK | |
r-release-linux-x86_64 | 1.5.0 | 9.12 | 274.73 | 283.85 | OK | |
r-release-macos-arm64 | 1.5.0 | 104.00 | NOTE | |||
r-release-macos-x86_64 | 1.5.0 | 222.00 | NOTE | |||
r-release-windows-x86_64 | 1.5.0 | 13.00 | 276.00 | 289.00 | NOTE | |
r-oldrel-macos-arm64 | 1.5.0 | 84.00 | NOTE | |||
r-oldrel-macos-x86_64 | 1.5.0 | 133.00 | NOTE | |||
r-oldrel-windows-x86_64 | 1.5.0 | 14.00 | 284.00 | 298.00 | NOTE |
Version: 1.5.0
Check: Rd files
Result: NOTE
checkRd: (-1) heatmaply.Rd:282: Lost braces
282 | row and column dendrograms. The default uses stats{reorder.dendrogram}}
| ^
checkRd: (-1) heatmapr.Rd:93: Lost braces
93 | \item{reorderfun}{function(d, w) of dendrogram and weights for reordering the row and column dendrograms. The default uses stats{reorder.dendrogram}}
| ^
checkRd: (-1) is.plotly.Rd:16: Lost braces
16 | Helpful for the plot_method in link{heatmaply}.
| ^
Flavors: r-devel-linux-x86_64-debian-clang, r-devel-linux-x86_64-debian-gcc
Version: 1.5.0
Check: installed package size
Result: NOTE
installed size is 5.5Mb
sub-directories of 1Mb or more:
doc 5.1Mb
Flavors: r-devel-linux-x86_64-fedora-clang, r-devel-windows-x86_64, r-release-macos-arm64, r-release-macos-x86_64, r-release-windows-x86_64, r-oldrel-macos-arm64, r-oldrel-macos-x86_64, r-oldrel-windows-x86_64