CRAN Package Check Results for Package healthfinance

Last updated on 2023-01-27 07:50:34 CET.

Flavor Version Tinstall Tcheck Ttotal Status Flags
r-devel-linux-x86_64-debian-clang 0.1.0 7.46 73.51 80.97 NOTE
r-devel-linux-x86_64-debian-gcc 0.1.0 6.40 52.54 58.94 NOTE
r-devel-linux-x86_64-fedora-clang 0.1.0 102.60 NOTE
r-devel-linux-x86_64-fedora-gcc 0.1.0 94.37 NOTE
r-devel-windows-x86_64 0.1.0 21.00 90.00 111.00 NOTE
r-patched-linux-x86_64 0.1.0 6.14 70.36 76.50 NOTE
r-release-linux-x86_64 0.1.0 7.09 69.76 76.85 NOTE
r-release-macos-arm64 0.1.0 27.00 NOTE
r-release-macos-x86_64 0.1.0 57.00 NOTE
r-release-windows-x86_64 0.1.0 12.00 100.00 112.00 NOTE
r-oldrel-macos-arm64 0.1.0 36.00 NOTE
r-oldrel-macos-x86_64 0.1.0 49.00 NOTE
r-oldrel-windows-ix86+x86_64 0.1.0 19.00 94.00 113.00 NOTE

Check Details

Version: 0.1.0
Check: LazyData
Result: NOTE
     'LazyData' is specified without a 'data' directory
Flavors: r-devel-linux-x86_64-debian-clang, r-devel-linux-x86_64-debian-gcc, r-devel-linux-x86_64-fedora-clang, r-devel-linux-x86_64-fedora-gcc, r-devel-windows-x86_64, r-patched-linux-x86_64, r-release-linux-x86_64, r-release-macos-arm64, r-release-macos-x86_64, r-release-windows-x86_64, r-oldrel-macos-arm64, r-oldrel-macos-x86_64, r-oldrel-windows-ix86+x86_64