CRAN Package Check Results for Package hawkes

Last updated on 2025-01-25 07:50:28 CET.

Flavor Version Tinstall Tcheck Ttotal Status Flags
r-devel-linux-x86_64-debian-clang 0.0-4 24.74 21.59 46.33 OK
r-devel-linux-x86_64-debian-gcc 0.0-4 16.54 17.41 33.95 OK
r-devel-linux-x86_64-fedora-clang 0.0-4 84.25 NOTE
r-devel-linux-x86_64-fedora-gcc 0.0-4 85.72 NOTE
r-devel-windows-x86_64 0.0-4 28.00 61.00 89.00 OK
r-patched-linux-x86_64 0.0-4 23.58 20.35 43.93 OK
r-release-linux-x86_64 0.0-4 25.02 20.51 45.53 OK
r-release-macos-arm64 0.0-4 24.00 OK
r-release-macos-x86_64 0.0-4 34.00 OK
r-release-windows-x86_64 0.0-4 26.00 62.00 88.00 OK
r-oldrel-macos-arm64 0.0-4 29.00 OK
r-oldrel-macos-x86_64 0.0-4 44.00 OK
r-oldrel-windows-x86_64 0.0-4 32.00 69.00 101.00 OK

Check Details

Version: 0.0-4
Check: compiled code
Result: NOTE File ‘hawkes/libs/hawkes.so’: Found no calls to: ‘R_registerRoutines’, ‘R_useDynamicSymbols’ It is good practice to register native routines and to disable symbol search. See ‘Writing portable packages’ in the ‘Writing R Extensions’ manual. Flavors: r-devel-linux-x86_64-fedora-clang, r-devel-linux-x86_64-fedora-gcc