CRAN Package Check Results for Package harmonicmeanp

Last updated on 2023-03-31 07:53:27 CEST.

Flavor Version Tinstall Tcheck Ttotal Status Flags
r-devel-linux-x86_64-debian-clang 3.0 1.87 46.96 48.83 OK
r-devel-linux-x86_64-debian-gcc 3.0 1.78 34.53 36.31 OK
r-devel-linux-x86_64-fedora-clang 3.0 59.44 OK
r-devel-linux-x86_64-fedora-gcc 3.0 71.05 OK
r-devel-windows-x86_64 3.0 31.00 0.00 31.00 OK
r-patched-linux-x86_64 3.0 2.08 44.13 46.21 OK
r-release-linux-x86_64 3.0 2.08 45.07 47.15 OK
r-release-macos-arm64 3.0 37.00 OK
r-release-macos-x86_64 3.0 39.00 OK
r-release-windows-x86_64 3.0 34.00 93.00 127.00 OK
r-oldrel-macos-arm64 3.0 30.00 OK
r-oldrel-macos-x86_64 3.0 68.00 OK
r-oldrel-windows-ix86+x86_64 3.0 6.00 110.00 116.00 WARN

Check Details

Version: 3.0
Check: re-building of vignette outputs
Result: WARN
    Error(s) in re-building vignettes:
    --- re-building 'harmonicmeanp.Rmd' using rmarkdown
    Quitting from lines 389-402 (harmonicmeanp.Rmd)
    Error: processing vignette 'harmonicmeanp.Rmd' failed with diagnostics:
    need finite 'xlim' values
    --- failed re-building 'harmonicmeanp.Rmd'
    
    SUMMARY: processing the following file failed:
     'harmonicmeanp.Rmd'
    
    Error: Vignette re-building failed.
    Execution halted
Flavor: r-oldrel-windows-ix86+x86_64