Last updated on 2023-01-26 07:53:52 CET.
Flavor | Version | Tinstall | Tcheck | Ttotal | Status | Flags |
---|---|---|---|---|---|---|
r-devel-linux-x86_64-debian-clang | 0.8.0 | 13.15 | 125.51 | 138.66 | OK | |
r-devel-linux-x86_64-debian-gcc | 0.8.0 | 8.47 | 92.18 | 100.65 | OK | |
r-devel-linux-x86_64-fedora-clang | 0.8.0 | 164.23 | NOTE | |||
r-devel-linux-x86_64-fedora-gcc | 0.8.0 | 175.78 | OK | |||
r-devel-windows-x86_64 | 0.8.0 | 62.00 | 153.00 | 215.00 | OK | |
r-patched-linux-x86_64 | 0.8.0 | 12.26 | 116.37 | 128.63 | OK | |
r-release-linux-x86_64 | 0.8.0 | 10.98 | 115.94 | 126.92 | OK | |
r-release-macos-arm64 | 0.8.0 | 44.00 | OK | |||
r-release-macos-x86_64 | 0.8.0 | 90.00 | OK | |||
r-release-windows-x86_64 | 0.8.0 | 62.00 | 158.00 | 220.00 | OK | |
r-oldrel-macos-arm64 | 0.8.0 | 57.00 | OK | |||
r-oldrel-macos-x86_64 | 0.8.0 | 94.00 | OK | |||
r-oldrel-windows-ix86+x86_64 | 0.8.0 | 24.00 | 145.00 | 169.00 | OK |
Version: 0.8.0
Check: Rd cross-references
Result: NOTE
Undeclared package ‘mnis’ in Rd xrefs
Flavor: r-devel-linux-x86_64-fedora-clang