CRAN Package Check Results for Package hagis

Last updated on 2025-01-20 08:48:27 CET.

Flavor Version Tinstall Tcheck Ttotal Status Flags
r-devel-linux-x86_64-debian-clang 3.1.12 5.83 70.60 76.43 NOTE
r-devel-linux-x86_64-debian-gcc 3.1.12 4.13 50.80 54.93 NOTE
r-devel-linux-x86_64-fedora-clang 3.1.12 120.88 OK
r-devel-linux-x86_64-fedora-gcc 3.1.12 127.63 OK
r-devel-windows-x86_64 3.1.12 7.00 81.00 88.00 NOTE
r-patched-linux-x86_64 3.1.12 8.22 64.91 73.13 OK
r-release-linux-x86_64 3.1.12 3.79 63.14 66.93 OK
r-release-macos-arm64 3.1.12 43.00 OK
r-release-macos-x86_64 3.1.12 61.00 OK
r-release-windows-x86_64 3.1.12 7.00 81.00 88.00 OK
r-oldrel-macos-arm64 3.1.12 44.00 OK
r-oldrel-macos-x86_64 3.1.12 84.00 OK
r-oldrel-windows-x86_64 3.1.12 8.00 92.00 100.00 OK

Check Details

Version: 3.1.12
Check: Rd cross-references
Result: NOTE Found the following Rd file(s) with Rd \link{} targets missing package anchors: diversities_table.Rd: pander, pandoc.table individual_pathotypes.Rd: pander Please provide package anchors for all Rd \link{} targets not in the package itself and the base packages. Flavors: r-devel-linux-x86_64-debian-clang, r-devel-linux-x86_64-debian-gcc, r-devel-windows-x86_64