CRAN Package Check Results for Package hNMF

Last updated on 2024-05-24 07:59:49 CEST.

Flavor Version Tinstall Tcheck Ttotal Status Flags
r-devel-linux-x86_64-debian-clang 1.0 9.50 105.39 114.89 NOTE
r-devel-linux-x86_64-debian-gcc 1.0 9.67 77.18 86.85 NOTE
r-devel-linux-x86_64-fedora-clang 1.0 145.33 NOTE
r-devel-linux-x86_64-fedora-gcc 1.0 136.58 NOTE
r-devel-windows-x86_64 1.0 11.00 87.00 98.00 NOTE
r-patched-linux-x86_64 1.0 10.62 99.90 110.52 NOTE
r-release-linux-x86_64 1.0 9.52 99.94 109.46 NOTE
r-release-macos-arm64 1.0 41.00 NOTE
r-release-macos-x86_64 1.0 82.00 NOTE
r-release-windows-x86_64 1.0 11.00 87.00 98.00 NOTE
r-oldrel-macos-arm64 1.0 47.00 NOTE
r-oldrel-macos-x86_64 1.0 67.00 NOTE
r-oldrel-windows-x86_64 1.0 13.00 101.00 114.00 NOTE

Check Details

Version: 1.0
Check: LazyData
Result: NOTE 'LazyData' is specified without a 'data' directory Flavors: r-devel-linux-x86_64-debian-clang, r-devel-linux-x86_64-debian-gcc, r-devel-linux-x86_64-fedora-clang, r-devel-linux-x86_64-fedora-gcc, r-devel-windows-x86_64, r-patched-linux-x86_64, r-release-linux-x86_64, r-release-macos-arm64, r-release-macos-x86_64, r-release-windows-x86_64, r-oldrel-macos-arm64, r-oldrel-macos-x86_64, r-oldrel-windows-x86_64