CRAN Package Check Results for Package gwpcormapper

Last updated on 2023-02-01 07:53:06 CET.

Flavor Version Tinstall Tcheck Ttotal Status Flags
r-devel-linux-x86_64-debian-clang 0.1.3 32.76 110.28 143.04 OK
r-devel-linux-x86_64-debian-gcc 0.1.3 27.75 79.70 107.45 OK
r-devel-linux-x86_64-fedora-clang 0.1.3 180.10 NOTE
r-devel-linux-x86_64-fedora-gcc 0.1.3 168.40 NOTE
r-devel-windows-x86_64 0.1.3 63.00 160.00 223.00 OK
r-patched-linux-x86_64 0.1.3 29.84 110.18 140.02 OK
r-release-linux-x86_64 0.1.3 30.86 108.15 139.01 OK
r-release-macos-arm64 0.1.3 47.00 NOTE
r-release-macos-x86_64 0.1.3 83.00 NOTE
r-release-windows-x86_64 0.1.3 43.00 163.00 206.00 OK
r-oldrel-macos-arm64 0.1.3 57.00 NOTE
r-oldrel-macos-x86_64 0.1.3 65.00 NOTE
r-oldrel-windows-ix86+x86_64 0.1.3 79.00 192.00 271.00 OK

Check Details

Version: 0.1.3
Check: dependencies in R code
Result: NOTE
    Namespaces in Imports field not imported from:
     ‘DT’ ‘attempt’ ‘corpcor’ ‘glue’ ‘htmltools’ ‘pkgload’ ‘processx’
     ‘tools’
     All declared Imports should be used.
Flavors: r-devel-linux-x86_64-fedora-clang, r-devel-linux-x86_64-fedora-gcc, r-release-macos-arm64, r-release-macos-x86_64, r-oldrel-macos-arm64, r-oldrel-macos-x86_64