Last updated on 2023-01-31 07:54:13 CET.
Flavor | Version | Tinstall | Tcheck | Ttotal | Status | Flags |
---|---|---|---|---|---|---|
r-devel-linux-x86_64-debian-clang | 0.0.5 | 57.56 | 125.76 | 183.32 | OK | |
r-devel-linux-x86_64-debian-gcc | 0.0.5 | 46.56 | 83.06 | 129.62 | NOTE | |
r-devel-linux-x86_64-fedora-clang | 0.0.5 | 236.21 | NOTE | |||
r-devel-linux-x86_64-fedora-gcc | 0.0.5 | 223.17 | NOTE | |||
r-devel-windows-x86_64 | 0.0.5 | 92.00 | 164.00 | 256.00 | NOTE | |
r-patched-linux-x86_64 | 0.0.5 | 49.93 | 98.44 | 148.37 | OK | |
r-release-linux-x86_64 | 0.0.5 | 48.47 | 98.92 | 147.39 | OK | |
r-release-macos-arm64 | 0.0.5 | 53.00 | NOTE | |||
r-release-macos-x86_64 | 0.0.5 | 76.00 | NOTE | |||
r-release-windows-x86_64 | 0.0.5 | 86.00 | 174.00 | 260.00 | OK | |
r-oldrel-macos-arm64 | 0.0.5 | 60.00 | NOTE | |||
r-oldrel-macos-x86_64 | 0.0.5 | 77.00 | NOTE | |||
r-oldrel-windows-ix86+x86_64 | 0.0.5 | 142.00 | 181.00 | 323.00 | NOTE |
Version: 0.0.5
Check: C++ specification
Result: NOTE
Specified C++11: please update to current default of C++17
Flavors: r-devel-linux-x86_64-debian-gcc, r-devel-linux-x86_64-fedora-clang, r-devel-linux-x86_64-fedora-gcc, r-devel-windows-x86_64
Version: 0.0.5
Check: installed package size
Result: NOTE
installed size is 6.5Mb
sub-directories of 1Mb or more:
doc 2.9Mb
libs 3.0Mb
Flavors: r-release-macos-arm64, r-release-macos-x86_64, r-oldrel-macos-arm64, r-oldrel-macos-x86_64, r-oldrel-windows-ix86+x86_64