Last updated on 2023-02-02 06:54:54 CET.
Flavor | Version | Tinstall | Tcheck | Ttotal | Status | Flags |
---|---|---|---|---|---|---|
r-devel-linux-x86_64-debian-clang | 1.2.1 | 63.10 | 122.50 | 185.60 | NOTE | |
r-devel-linux-x86_64-debian-gcc | 1.2.1 | 51.67 | 89.64 | 141.31 | NOTE | |
r-devel-linux-x86_64-fedora-clang | 1.2.1 | 250.40 | NOTE | |||
r-devel-linux-x86_64-fedora-gcc | 1.2.1 | 241.92 | NOTE | |||
r-devel-windows-x86_64 | 1.2.1 | 58.00 | 169.00 | 227.00 | NOTE | |
r-patched-linux-x86_64 | 1.2.1 | 49.50 | 118.49 | 167.99 | OK | |
r-release-linux-x86_64 | 1.2.1 | 55.23 | 123.70 | 178.93 | OK | |
r-release-macos-arm64 | 1.2.1 | 61.00 | OK | |||
r-release-macos-x86_64 | 1.2.1 | 124.00 | OK | |||
r-release-windows-x86_64 | 1.2.1 | 52.00 | 177.00 | 229.00 | OK | |
r-oldrel-macos-arm64 | 1.2.1 | 67.00 | NOTE | |||
r-oldrel-macos-x86_64 | 1.2.1 | 81.00 | OK | |||
r-oldrel-windows-ix86+x86_64 | 1.2.1 | 136.00 | 189.00 | 325.00 | OK |
Version: 1.2.1
Check: C++ specification
Result: NOTE
Specified C++11: please update to current default of C++17
Flavors: r-devel-linux-x86_64-debian-clang, r-devel-linux-x86_64-debian-gcc, r-devel-linux-x86_64-fedora-clang, r-devel-linux-x86_64-fedora-gcc, r-devel-windows-x86_64
Version: 1.2.1
Check: installed package size
Result: NOTE
installed size is 5.5Mb
sub-directories of 1Mb or more:
libs 5.1Mb
Flavor: r-oldrel-macos-arm64