CRAN Package Check Results for Package gsynth

Last updated on 2023-10-02 07:56:28 CEST.

Flavor Version Tinstall Tcheck Ttotal Status Flags
r-devel-linux-x86_64-debian-clang 1.2.1 68.77 128.57 197.34 NOTE
r-devel-linux-x86_64-debian-gcc 1.2.1 47.09 95.79 142.88 NOTE
r-devel-linux-x86_64-fedora-clang 1.2.1 248.55 NOTE
r-devel-linux-x86_64-fedora-gcc 1.2.1 247.73 NOTE
r-devel-windows-x86_64 1.2.1 50.00 126.00 176.00 NOTE
r-patched-linux-x86_64 1.2.1 48.48 123.38 171.86 NOTE
r-release-linux-x86_64 1.2.1 58.23 123.55 181.78 NOTE
r-release-macos-arm64 1.2.1 68.00 NOTE
r-release-macos-x86_64 1.2.1 111.00 NOTE
r-release-windows-x86_64 1.2.1 68.00 153.00 221.00 NOTE
r-oldrel-macos-arm64 1.2.1 61.00 OK
r-oldrel-macos-x86_64 1.2.1 124.00 OK
r-oldrel-windows-x86_64 1.2.1 66.00 141.00 207.00 OK

Check Details

Version: 1.2.1
Check: C++ specification
Result: NOTE
     Specified C++11: please drop specification unless essential
Flavors: r-devel-linux-x86_64-debian-clang, r-devel-linux-x86_64-debian-gcc, r-devel-linux-x86_64-fedora-clang, r-devel-linux-x86_64-fedora-gcc, r-devel-windows-x86_64, r-patched-linux-x86_64, r-release-linux-x86_64, r-release-macos-arm64, r-release-macos-x86_64, r-release-windows-x86_64