Last updated on 2023-01-27 07:50:34 CET.
Flavor | Version | Tinstall | Tcheck | Ttotal | Status | Flags |
---|---|---|---|---|---|---|
r-devel-linux-x86_64-debian-clang | 0.0.1 | 18.38 | 28.20 | 46.58 | NOTE | |
r-devel-linux-x86_64-debian-gcc | 0.0.1 | 14.20 | 22.57 | 36.77 | NOTE | |
r-devel-linux-x86_64-fedora-clang | 0.0.1 | 65.53 | NOTE | |||
r-devel-linux-x86_64-fedora-gcc | 0.0.1 | 56.72 | NOTE | |||
r-devel-windows-x86_64 | 0.0.1 | 22.00 | 70.00 | 92.00 | NOTE | |
r-patched-linux-x86_64 | 0.0.1 | 15.36 | 28.70 | 44.06 | NOTE | |
r-release-linux-x86_64 | 0.0.1 | 13.86 | 29.01 | 42.87 | NOTE | |
r-release-macos-arm64 | 0.0.1 | 21.00 | NOTE | |||
r-release-macos-x86_64 | 0.0.1 | 28.00 | NOTE | |||
r-release-windows-x86_64 | 0.0.1 | 21.00 | 76.00 | 97.00 | NOTE | |
r-oldrel-macos-arm64 | 0.0.1 | 25.00 | NOTE | |||
r-oldrel-macos-x86_64 | 0.0.1 | 40.00 | NOTE | |||
r-oldrel-windows-ix86+x86_64 | 0.0.1 | 45.00 | 80.00 | 125.00 | NOTE |
Version: 0.0.1
Check: LazyData
Result: NOTE
'LazyData' is specified without a 'data' directory
Flavors: r-devel-linux-x86_64-debian-clang, r-devel-linux-x86_64-debian-gcc, r-devel-linux-x86_64-fedora-clang, r-devel-linux-x86_64-fedora-gcc, r-devel-windows-x86_64, r-patched-linux-x86_64, r-release-linux-x86_64, r-release-macos-arm64, r-release-macos-x86_64, r-release-windows-x86_64, r-oldrel-macos-arm64, r-oldrel-macos-x86_64, r-oldrel-windows-ix86+x86_64
Version: 0.0.1
Check: Rd cross-references
Result: NOTE
Undeclared package ‘nflfastR’ in Rd xrefs
Flavor: r-devel-linux-x86_64-fedora-clang