Last updated on 2023-11-28 07:53:04 CET.
Flavor | Version | Tinstall | Tcheck | Ttotal | Status | Flags |
---|---|---|---|---|---|---|
r-devel-linux-x86_64-debian-clang | 3.4.0 | 16.32 | 92.60 | 108.92 | NOTE | |
r-devel-linux-x86_64-debian-gcc | 3.4.0 | 11.60 | 71.11 | 82.71 | NOTE | |
r-devel-linux-x86_64-fedora-clang | 3.4.0 | 136.25 | OK | |||
r-devel-linux-x86_64-fedora-gcc | 3.4.0 | 143.93 | OK | |||
r-devel-windows-x86_64 | 3.4.0 | 16.00 | 94.00 | 110.00 | OK | |
r-patched-linux-x86_64 | 3.4.0 | 17.28 | 90.63 | 107.91 | OK | |
r-release-linux-x86_64 | 3.4.0 | 12.61 | 90.92 | 103.53 | OK | |
r-release-macos-arm64 | 3.4.0 | 52.00 | OK | |||
r-release-macos-x86_64 | 3.4.0 | 83.00 | OK | |||
r-release-windows-x86_64 | 3.4.0 | 21.00 | 111.00 | 132.00 | OK | |
r-oldrel-macos-arm64 | 3.4.0 | 47.00 | OK | |||
r-oldrel-macos-x86_64 | 3.4.0 | 58.00 | OK | |||
r-oldrel-windows-x86_64 | 3.4.0 | 19.00 | 109.00 | 128.00 | OK |
Version: 3.4.0
Check: Rd files
Result: NOTE
checkRd: (-1) Birthwt.Rd:18: Lost braces in \itemize; meant \describe ?
checkRd: (-1) Birthwt.Rd:19: Lost braces in \itemize; meant \describe ?
checkRd: (-1) Birthwt.Rd:20: Lost braces in \itemize; meant \describe ?
checkRd: (-1) Birthwt.Rd:21-22: Lost braces in \itemize; meant \describe ?
checkRd: (-1) Birthwt.Rd:26-28: Lost braces in \itemize; meant \describe ?
checkRd: (-1) Birthwt.Rd:29-31: Lost braces in \itemize; meant \describe ?
checkRd: (-1) Birthwt.Rd:32-33: Lost braces in \itemize; meant \describe ?
checkRd: (-1) Birthwt.Rd:34: Lost braces in \itemize; meant \describe ?
checkRd: (-1) Birthwt.Rd:35-37: Lost braces in \itemize; meant \describe ?
checkRd: (-1) Birthwt.Rd:38: Lost braces in \itemize; meant \describe ?
checkRd: (-1) Birthwt.Rd:39: Lost braces in \itemize; meant \describe ?
checkRd: (-1) Birthwt.Rd:40-43: Lost braces in \itemize; meant \describe ?
checkRd: (-1) Lung.Rd:14-16: Lost braces in \itemize; meant \describe ?
checkRd: (-1) Lung.Rd:17: Lost braces in \itemize; meant \describe ?
checkRd: (-1) Lung.Rd:18-19: Lost braces in \itemize; meant \describe ?
checkRd: (-1) Lung.Rd:23-24: Lost braces in \itemize; meant \describe ?
checkRd: (-1) Lung.Rd:25-27: Lost braces in \itemize; meant \describe ?
checkRd: (-1) Lung.Rd:28-30: Lost braces in \itemize; meant \describe ?
checkRd: (-1) Lung.Rd:31-33: Lost braces in \itemize; meant \describe ?
checkRd: (-1) Lung.Rd:34: Lost braces in \itemize; meant \describe ?
checkRd: (-1) Lung.Rd:36-38: Lost braces in \itemize; meant \describe ?
Flavors: r-devel-linux-x86_64-debian-clang, r-devel-linux-x86_64-debian-gcc