Last updated on 2023-01-30 09:54:13 CET.
Flavor | Version | Tinstall | Tcheck | Ttotal | Status | Flags |
---|---|---|---|---|---|---|
r-devel-linux-x86_64-debian-clang | 0.6 | 6.73 | 120.37 | 127.10 | OK | |
r-devel-linux-x86_64-debian-gcc | 0.6 | 5.34 | 83.21 | 88.55 | OK | |
r-devel-linux-x86_64-fedora-clang | 0.6 | 151.31 | NOTE | |||
r-devel-linux-x86_64-fedora-gcc | 0.6 | 162.98 | NOTE | |||
r-devel-windows-x86_64 | 0.6 | 34.00 | 153.00 | 187.00 | OK | |
r-patched-linux-x86_64 | 0.6 | 6.69 | 115.61 | 122.30 | OK | |
r-release-linux-x86_64 | 0.6 | 6.08 | 115.62 | 121.70 | OK | |
r-release-macos-arm64 | 0.6 | 43.00 | NOTE | |||
r-release-macos-x86_64 | 0.6 | 83.00 | NOTE | |||
r-release-windows-x86_64 | 0.6 | 12.00 | 168.00 | 180.00 | OK | |
r-oldrel-macos-arm64 | 0.6 | 49.00 | NOTE | |||
r-oldrel-macos-x86_64 | 0.6 | 80.00 | NOTE | |||
r-oldrel-windows-ix86+x86_64 | 0.6 | 17.00 | 144.00 | 161.00 | OK |
Version: 0.6
Check: dependencies in R code
Result: NOTE
Namespace in Imports field not imported from: ‘BiasedUrn’
All declared Imports should be used.
Flavors: r-devel-linux-x86_64-fedora-clang, r-devel-linux-x86_64-fedora-gcc, r-release-macos-arm64, r-release-macos-x86_64, r-oldrel-macos-arm64, r-oldrel-macos-x86_64