CRAN Package Check Results for Package grf

Last updated on 2022-12-08 07:54:00 CET.

Flavor Version Tinstall Tcheck Ttotal Status Flags
r-devel-linux-x86_64-debian-clang 2.2.0 350.04 105.49 455.53 NOTE
r-devel-linux-x86_64-debian-gcc 2.2.0 252.32 98.42 350.74 NOTE
r-devel-linux-x86_64-fedora-clang 2.2.0 679.20 NOTE
r-devel-linux-x86_64-fedora-gcc 2.2.0 574.42 NOTE
r-devel-windows-x86_64 2.2.0 364.00 219.00 583.00 NOTE
r-patched-linux-x86_64 2.2.0 268.64 103.07 371.71 NOTE
r-release-linux-x86_64 2.2.0 273.05 102.56 375.61 NOTE
r-release-macos-arm64 2.2.0 140.00 NOTE
r-release-macos-x86_64 2.2.0 178.00 NOTE
r-release-windows-x86_64 2.2.0 340.00 168.00 508.00 NOTE
r-oldrel-macos-arm64 2.2.0 125.00 NOTE
r-oldrel-macos-x86_64 2.2.0 174.00 NOTE
r-oldrel-windows-ix86+x86_64 2.2.0 805.00 180.00 985.00 NOTE

Check Details

Version: 2.2.0
Check: for GNU extensions in Makefiles
Result: NOTE
    GNU make is a SystemRequirements.
Flavors: r-devel-linux-x86_64-debian-clang, r-devel-linux-x86_64-debian-gcc, r-devel-linux-x86_64-fedora-clang, r-devel-linux-x86_64-fedora-gcc, r-devel-windows-x86_64, r-patched-linux-x86_64, r-release-linux-x86_64, r-release-macos-arm64, r-release-macos-x86_64, r-release-windows-x86_64, r-oldrel-macos-arm64, r-oldrel-macos-x86_64, r-oldrel-windows-ix86+x86_64

Version: 2.2.0
Check: installed package size
Result: NOTE
     installed size is 32.2Mb
     sub-directories of 1Mb or more:
     libs 31.7Mb
Flavors: r-release-macos-arm64, r-release-macos-x86_64, r-oldrel-macos-arm64, r-oldrel-macos-x86_64