CRAN Package Check Results for Package greencrab.toolkit

Last updated on 2025-01-16 07:50:17 CET.

Flavor Version Tinstall Tcheck Ttotal Status Flags
r-devel-linux-x86_64-debian-clang 0.2 359.07 103.68 462.75 OK
r-devel-linux-x86_64-debian-gcc 0.2 332.33 106.73 439.06 OK
r-devel-linux-x86_64-fedora-clang 0.2 747.84 OK
r-devel-linux-x86_64-fedora-gcc 0.2 1096.04 OK
r-devel-windows-x86_64 0.2 352.00 158.00 510.00 OK
r-patched-linux-x86_64 0.2 478.55 137.07 615.62 NOTE
r-release-linux-x86_64 0.2 472.35 138.17 610.52 NOTE
r-release-macos-arm64 0.2 189.00 NOTE
r-release-macos-x86_64 0.2 175.00 NOTE
r-release-windows-x86_64 0.2 371.00 147.00 518.00 NOTE
r-oldrel-macos-arm64 0.2 233.00 NOTE
r-oldrel-macos-x86_64 0.2 264.00 NOTE
r-oldrel-windows-x86_64 0.2 461.00 183.00 644.00 NOTE

Check Details

Version: 0.2
Check: for GNU extensions in Makefiles
Result: NOTE GNU make is a SystemRequirements. Flavors: r-patched-linux-x86_64, r-release-linux-x86_64, r-release-macos-arm64, r-release-macos-x86_64, r-release-windows-x86_64, r-oldrel-macos-arm64, r-oldrel-macos-x86_64, r-oldrel-windows-x86_64

Version: 0.2
Check: installed package size
Result: NOTE installed size is 58.6Mb sub-directories of 1Mb or more: libs 58.4Mb Flavors: r-release-macos-arm64, r-release-macos-x86_64, r-oldrel-macos-arm64, r-oldrel-macos-x86_64