CRAN Package Check Results for Package graphlayouts

Last updated on 2023-01-30 09:54:13 CET.

Flavor Version Tinstall Tcheck Ttotal Status Flags
r-devel-linux-x86_64-debian-clang 0.8.4 85.95 53.01 138.96 OK
r-devel-linux-x86_64-debian-gcc 0.8.4 66.19 40.17 106.36 OK
r-devel-linux-x86_64-fedora-clang 0.8.4 195.19 OK
r-devel-linux-x86_64-fedora-gcc 0.8.4 169.64 OK
r-devel-windows-x86_64 0.8.4 89.00 111.00 200.00 OK
r-patched-linux-x86_64 0.8.4 65.78 49.92 115.70 OK
r-release-linux-x86_64 0.8.4 55.48 50.59 106.07 OK
r-release-macos-arm64 0.8.4 46.00 NOTE
r-release-macos-x86_64 0.8.4 62.00 NOTE
r-release-windows-x86_64 0.8.4 89.00 109.00 198.00 OK
r-oldrel-macos-arm64 0.8.4 49.00 NOTE
r-oldrel-macos-x86_64 0.8.4 64.00 NOTE
r-oldrel-windows-ix86+x86_64 0.8.4 189.00 115.00 304.00 OK

Check Details

Version: 0.8.4
Check: installed package size
Result: NOTE
     installed size is 5.8Mb
     sub-directories of 1Mb or more:
     help 2.4Mb
     libs 3.2Mb
Flavors: r-release-macos-arm64, r-release-macos-x86_64, r-oldrel-macos-arm64, r-oldrel-macos-x86_64