CRAN Package Check Results for Package graphkernels

Last updated on 2022-09-28 06:54:08 CEST.

Flavor Version Tinstall Tcheck Ttotal Status Flags
r-devel-linux-x86_64-debian-clang 1.6.1 49.06 62.87 111.93 OK
r-devel-linux-x86_64-debian-gcc 1.6.1 45.09 51.62 96.71 OK
r-devel-linux-x86_64-fedora-clang 1.6.1 158.12 OK
r-devel-linux-x86_64-fedora-gcc 1.6.1 171.48 OK
r-devel-windows-x86_64 1.6.1 50.00 117.00 167.00 OK
r-patched-linux-x86_64 1.6.1 40.28 64.52 104.80 OK
r-release-linux-x86_64 1.6.1 45.17 62.96 108.13 OK
r-release-macos-arm64 1.6.1 49.00 NOTE
r-release-macos-x86_64 1.6.1 63.00 NOTE
r-release-windows-x86_64 1.6.1 100.00 117.00 217.00 OK
r-oldrel-macos-arm64 1.6.1 44.00 NOTE
r-oldrel-macos-x86_64 1.6.1 61.00 NOTE
r-oldrel-windows-ix86+x86_64 1.6.1 113.00 159.00 272.00 OK

Check Details

Version: 1.6.1
Check: installed package size
Result: NOTE
     installed size is 11.6Mb
     sub-directories of 1Mb or more:
     libs 11.5Mb
Flavors: r-release-macos-arm64, r-release-macos-x86_64, r-oldrel-macos-arm64, r-oldrel-macos-x86_64