Last updated on 2023-02-03 06:50:20 CET.
Flavor | Version | Tinstall | Tcheck | Ttotal | Status | Flags |
---|---|---|---|---|---|---|
r-devel-linux-x86_64-debian-clang | 0.2.0 | 12.50 | 173.22 | 185.72 | OK | |
r-devel-linux-x86_64-debian-gcc | 0.2.0 | 12.61 | 127.43 | 140.04 | OK | |
r-devel-linux-x86_64-fedora-clang | 0.2.0 | 239.36 | NOTE | |||
r-devel-linux-x86_64-fedora-gcc | 0.2.0 | 245.95 | OK | |||
r-devel-windows-x86_64 | 0.2.0 | 283.00 | 264.00 | 547.00 | OK | |
r-patched-linux-x86_64 | 0.2.0 | 15.71 | 161.71 | 177.42 | OK | |
r-release-linux-x86_64 | 0.2.0 | 11.59 | 154.86 | 166.45 | OK | |
r-release-macos-arm64 | 0.2.0 | 76.00 | OK | |||
r-release-macos-x86_64 | 0.2.0 | 97.00 | OK | |||
r-release-windows-x86_64 | 0.2.0 | 198.00 | 243.00 | 441.00 | OK | |
r-oldrel-macos-arm64 | 0.2.0 | 77.00 | OK | |||
r-oldrel-macos-x86_64 | 0.2.0 | 101.00 | OK | |||
r-oldrel-windows-ix86+x86_64 | 0.2.0 | 26.00 | 235.00 | 261.00 | OK |
Version: 0.2.0
Check: Rd cross-references
Result: NOTE
Undeclared package ‘glasso’ in Rd xrefs
Flavor: r-devel-linux-x86_64-fedora-clang