CRAN Package Check Results for Package gramEvol

Last updated on 2024-07-25 07:56:07 CEST.

Flavor Version Tinstall Tcheck Ttotal Status Flags
r-devel-linux-x86_64-debian-clang 2.1-4 4.53 64.86 69.39 OK
r-devel-linux-x86_64-debian-gcc 2.1-4 3.17 49.16 52.33 OK
r-devel-linux-x86_64-fedora-clang 2.1-4 89.22 OK
r-devel-linux-x86_64-fedora-gcc 2.1-4 96.72 OK
r-devel-windows-x86_64 2.1-4 4.00 96.00 100.00 OK
r-patched-linux-x86_64 2.1-4 3.60 65.41 69.01 OK
r-release-linux-x86_64 2.1-4 3.16 64.39 67.55 OK
r-release-macos-arm64 2.1-4 34.00 OK
r-release-macos-x86_64 2.1-4 51.00 WARN
r-release-windows-x86_64 2.1-4 4.00 93.00 97.00 OK
r-oldrel-macos-arm64 2.1-4 33.00 OK
r-oldrel-macos-x86_64 2.1-4 53.00 OK
r-oldrel-windows-x86_64 2.1-4 4.00 87.00 91.00 OK

Check Details

Version: 2.1-4
Check: re-building of vignette outputs
Result: WARN Error(s) in re-building vignettes: ... --- re-building ‘ge-intro.Rnw’ using knitr Error: processing vignette 'ge-intro.Rnw' failed with diagnostics: Running 'texi2dvi' on 'ge-intro.tex' failed. LaTeX errors: ! Undefined control sequence. l.385 \hlkwd{library}\hldef {(}\hlsng{"gramEvol"}\hldef{)} ? ! Emergency stop. ! Emergency stop. l.385 End of file on the terminal! ! ==> Fatal error occurred, no output PDF file produced! --- failed re-building ‘ge-intro.Rnw’ SUMMARY: processing the following file failed: ‘ge-intro.Rnw’ Error: Vignette re-building failed. Execution halted Flavor: r-release-macos-x86_64