Last updated on 2023-02-06 06:51:58 CET.
Flavor | Version | Tinstall | Tcheck | Ttotal | Status | Flags |
---|---|---|---|---|---|---|
r-devel-linux-x86_64-debian-clang | 3.0.0 | 21.24 | 238.90 | 260.14 | OK | |
r-devel-linux-x86_64-debian-gcc | 3.0.0 | 15.94 | 170.71 | 186.65 | OK | |
r-devel-linux-x86_64-fedora-clang | 3.0.0 | 314.35 | NOTE | |||
r-devel-linux-x86_64-fedora-gcc | 3.0.0 | 297.00 | OK | |||
r-devel-windows-x86_64 | 3.0.0 | 72.00 | 293.00 | 365.00 | OK | |
r-patched-linux-x86_64 | 3.0.0 | 27.59 | 216.25 | 243.84 | OK | |
r-release-linux-x86_64 | 3.0.0 | 16.82 | 211.05 | 227.87 | OK | |
r-release-macos-arm64 | 3.0.0 | 62.00 | OK | |||
r-release-macos-x86_64 | 3.0.0 | 109.00 | OK | |||
r-release-windows-x86_64 | 3.0.0 | 72.00 | 280.00 | 352.00 | OK | |
r-oldrel-macos-arm64 | 3.0.0 | 64.00 | OK | |||
r-oldrel-macos-x86_64 | 3.0.0 | 104.00 | OK | |||
r-oldrel-windows-ix86+x86_64 | 3.0.0 | 43.00 | 256.00 | 299.00 | OK |
Version: 3.0.0
Check: Rd cross-references
Result: NOTE
Undeclared package ‘gratia’ in Rd xrefs
Flavor: r-devel-linux-x86_64-fedora-clang