Last updated on 2023-02-02 06:54:54 CET.
Flavor | Version | Tinstall | Tcheck | Ttotal | Status | Flags |
---|---|---|---|---|---|---|
r-devel-linux-x86_64-debian-clang | 0.2.1 | 8.38 | 82.08 | 90.46 | OK | |
r-devel-linux-x86_64-debian-gcc | 0.2.1 | 6.48 | 59.85 | 66.33 | OK | |
r-devel-linux-x86_64-fedora-clang | 0.2.1 | 113.61 | NOTE | |||
r-devel-linux-x86_64-fedora-gcc | 0.2.1 | 127.05 | OK | |||
r-devel-windows-x86_64 | 0.2.1 | 26.00 | 148.00 | 174.00 | NOTE | |
r-patched-linux-x86_64 | 0.2.1 | 7.19 | 77.47 | 84.66 | OK | |
r-release-linux-x86_64 | 0.2.1 | 7.55 | 83.94 | 91.49 | OK | |
r-release-macos-arm64 | 0.2.1 | 78.00 | NOTE | |||
r-release-macos-x86_64 | 0.2.1 | 103.00 | NOTE | |||
r-release-windows-x86_64 | 0.2.1 | 37.00 | 157.00 | 194.00 | NOTE | |
r-oldrel-macos-arm64 | 0.2.1 | 174.00 | NOTE | |||
r-oldrel-macos-x86_64 | 0.2.1 | 92.00 | NOTE | |||
r-oldrel-windows-ix86+x86_64 | 0.2.1 | 18.00 | 134.00 | 152.00 | NOTE |
Version: 0.2.1
Check: installed package size
Result: NOTE
installed size is 5.5Mb
sub-directories of 1Mb or more:
doc 5.3Mb
Flavors: r-devel-linux-x86_64-fedora-clang, r-devel-windows-x86_64, r-release-macos-arm64, r-release-macos-x86_64, r-release-windows-x86_64, r-oldrel-macos-arm64, r-oldrel-macos-x86_64, r-oldrel-windows-ix86+x86_64