Last updated on 2023-06-01 07:57:01 CEST.
Flavor | Version | Tinstall | Tcheck | Ttotal | Status | Flags |
---|---|---|---|---|---|---|
r-devel-linux-x86_64-debian-clang | 1.0.1 | 798.63 | 183.00 | 981.63 | OK | |
r-devel-linux-x86_64-debian-gcc | 1.0.1 | 689.67 | 309.30 | 998.97 | OK | |
r-devel-linux-x86_64-fedora-clang | 1.0.1 | 1466.88 | NOTE | |||
r-devel-linux-x86_64-fedora-gcc | 1.0.1 | 1519.55 | OK | |||
r-devel-windows-x86_64 | 1.0.1 | 564.00 | 205.00 | 769.00 | NOTE | |
r-patched-linux-x86_64 | 1.0.1 | OK | ||||
r-release-linux-x86_64 | 1.0.1 | 730.25 | 215.43 | 945.68 | OK | |
r-release-macos-arm64 | 1.0.1 | 398.00 | NOTE | |||
r-release-macos-x86_64 | 1.0.1 | 669.00 | NOTE | |||
r-release-windows-x86_64 | 1.0.1 | 735.00 | 247.00 | 982.00 | NOTE | |
r-oldrel-macos-arm64 | 1.0.1 | 375.00 | NOTE | |||
r-oldrel-macos-x86_64 | 1.0.1 | 439.00 | NOTE | |||
r-oldrel-windows-x86_64 | 1.0.1 | 704.00 | 212.00 | 916.00 | NOTE |
Version: 1.0.1
Check: installed package size
Result: NOTE
installed size is 9.8Mb
sub-directories of 1Mb or more:
libs 9.0Mb
Flavors: r-devel-linux-x86_64-fedora-clang, r-devel-windows-x86_64, r-release-macos-arm64, r-release-macos-x86_64, r-release-windows-x86_64, r-oldrel-macos-arm64, r-oldrel-macos-x86_64, r-oldrel-windows-x86_64