CRAN Package Check Results for Package govdown

Last updated on 2023-03-21 06:51:35 CET.

Flavor Version Tinstall Tcheck Ttotal Status Flags
r-devel-linux-x86_64-debian-clang 0.10.1 NOTE
r-devel-linux-x86_64-debian-gcc 0.10.1 1.55 18.15 19.70 NOTE
r-devel-linux-x86_64-fedora-clang 0.10.1 32.66 NOTE
r-devel-linux-x86_64-fedora-gcc 0.10.1 30.69 NOTE
r-patched-linux-x86_64 0.10.1 2.67 23.16 25.83 NOTE
r-release-linux-x86_64 0.10.1 1.75 23.68 25.43 NOTE
r-release-macos-arm64 0.10.1 17.00 NOTE
r-release-macos-x86_64 0.10.1 21.00 NOTE
r-release-windows-x86_64 0.10.1 39.00 59.00 98.00 NOTE
r-oldrel-macos-arm64 0.10.1 20.00 NOTE
r-oldrel-macos-x86_64 0.10.1 27.00 NOTE
r-oldrel-windows-ix86+x86_64 0.10.1 6.00 49.00 55.00 NOTE

Check Details

Version: 0.10.1
Check: LazyData
Result: NOTE
     'LazyData' is specified without a 'data' directory
Flavors: r-devel-linux-x86_64-debian-clang, r-devel-linux-x86_64-debian-gcc, r-devel-linux-x86_64-fedora-clang, r-devel-linux-x86_64-fedora-gcc, r-patched-linux-x86_64, r-release-linux-x86_64, r-release-macos-arm64, r-release-macos-x86_64, r-release-windows-x86_64, r-oldrel-macos-arm64, r-oldrel-macos-x86_64, r-oldrel-windows-ix86+x86_64