CRAN Package Check Results for Package gotop

Last updated on 2023-01-27 07:50:33 CET.

Flavor Version Tinstall Tcheck Ttotal Status Flags
r-devel-linux-x86_64-debian-clang 0.1.2 3.03 26.42 29.45 NOTE
r-devel-linux-x86_64-debian-gcc 0.1.2 2.27 20.94 23.21 NOTE
r-devel-linux-x86_64-fedora-clang 0.1.2 37.25 NOTE
r-devel-linux-x86_64-fedora-gcc 0.1.2 35.76 NOTE
r-devel-windows-x86_64 0.1.2 25.00 51.00 76.00 NOTE
r-patched-linux-x86_64 0.1.2 2.60 26.70 29.30 NOTE
r-release-linux-x86_64 0.1.2 2.95 27.30 30.25 NOTE
r-release-macos-arm64 0.1.2 17.00 NOTE
r-release-macos-x86_64 0.1.2 23.00 NOTE
r-release-windows-x86_64 0.1.2 30.00 53.00 83.00 NOTE
r-oldrel-macos-arm64 0.1.2 21.00 NOTE
r-oldrel-macos-x86_64 0.1.2 26.00 NOTE
r-oldrel-windows-ix86+x86_64 0.1.2 8.00 51.00 59.00 NOTE

Check Details

Version: 0.1.2
Check: LazyData
Result: NOTE
     'LazyData' is specified without a 'data' directory
Flavors: r-devel-linux-x86_64-debian-clang, r-devel-linux-x86_64-debian-gcc, r-devel-linux-x86_64-fedora-clang, r-devel-linux-x86_64-fedora-gcc, r-devel-windows-x86_64, r-patched-linux-x86_64, r-release-linux-x86_64, r-release-macos-arm64, r-release-macos-x86_64, r-release-windows-x86_64, r-oldrel-macos-arm64, r-oldrel-macos-x86_64, r-oldrel-windows-ix86+x86_64