CRAN Package Check Results for Package googlenlp

Last updated on 2023-02-02 06:54:54 CET.

Flavor Version Tinstall Tcheck Ttotal Status Flags
r-devel-linux-x86_64-debian-clang 0.2.0 5.65 44.35 50.00 NOTE
r-devel-linux-x86_64-debian-gcc 0.2.0 4.80 33.16 37.96 NOTE
r-devel-linux-x86_64-fedora-clang 0.2.0 68.31 NOTE
r-devel-linux-x86_64-fedora-gcc 0.2.0 63.10 NOTE
r-patched-linux-x86_64 0.2.0 5.29 42.67 47.96 NOTE
r-release-linux-x86_64 0.2.0 4.99 47.59 52.58 NOTE
r-release-macos-arm64 0.2.0 21.00 NOTE
r-release-macos-x86_64 0.2.0 47.00 NOTE
r-release-windows-x86_64 0.2.0 15.00 82.00 97.00 NOTE
r-oldrel-macos-arm64 0.2.0 25.00 NOTE
r-oldrel-macos-x86_64 0.2.0 36.00 NOTE
r-oldrel-windows-ix86+x86_64 0.2.0 14.00 68.00 82.00 NOTE

Check Details

Version: 0.2.0
Check: LazyData
Result: NOTE
     'LazyData' is specified without a 'data' directory
Flavors: r-devel-linux-x86_64-debian-clang, r-devel-linux-x86_64-debian-gcc, r-devel-linux-x86_64-fedora-clang, r-devel-linux-x86_64-fedora-gcc, r-patched-linux-x86_64, r-release-linux-x86_64, r-release-macos-arm64, r-release-macos-x86_64, r-release-windows-x86_64, r-oldrel-macos-arm64, r-oldrel-macos-x86_64, r-oldrel-windows-ix86+x86_64