Last updated on 2023-01-28 07:14:56 CET.
Flavor | Version | Tinstall | Tcheck | Ttotal | Status | Flags |
---|---|---|---|---|---|---|
r-devel-linux-x86_64-debian-clang | 0.2.0 | 7.79 | 67.76 | 75.55 | OK | |
r-devel-linux-x86_64-debian-gcc | 0.2.0 | 5.35 | 51.02 | 56.37 | OK | |
r-devel-linux-x86_64-fedora-clang | 0.2.0 | 94.56 | NOTE | |||
r-devel-linux-x86_64-fedora-gcc | 0.2.0 | 88.81 | NOTE | |||
r-devel-windows-x86_64 | 0.2.0 | 70.00 | 117.00 | 187.00 | OK | |
r-patched-linux-x86_64 | 0.2.0 | 9.56 | 61.74 | 71.30 | OK | |
r-release-linux-x86_64 | 0.2.0 | 5.66 | 64.25 | 69.91 | OK | |
r-release-macos-arm64 | 0.2.0 | 33.00 | NOTE | |||
r-release-macos-x86_64 | 0.2.0 | 43.00 | NOTE | |||
r-release-windows-x86_64 | 0.2.0 | 83.00 | 110.00 | 193.00 | OK | |
r-oldrel-macos-arm64 | 0.2.0 | 28.00 | NOTE | |||
r-oldrel-macos-x86_64 | 0.2.0 | 42.00 | NOTE | |||
r-oldrel-windows-ix86+x86_64 | 0.2.0 | 18.00 | 95.00 | 113.00 | OK |
Version: 0.2.0
Check: dependencies in R code
Result: NOTE
Namespaces in Imports field not imported from:
‘assertthat’ ‘future’ ‘httr’
All declared Imports should be used.
Flavors: r-devel-linux-x86_64-fedora-clang, r-devel-linux-x86_64-fedora-gcc, r-release-macos-arm64, r-release-macos-x86_64, r-oldrel-macos-arm64, r-oldrel-macos-x86_64